{"id":995,"date":"2020-07-24T09:54:35","date_gmt":"2020-07-24T09:54:35","guid":{"rendered":"http:\/\/neu2020.kv-uno-waldsee.de\/?page_id=995"},"modified":"2025-10-03T16:28:56","modified_gmt":"2025-10-03T15:28:56","slug":"praesidenten","status":"publish","type":"page","link":"https:\/\/kv-uno-waldsee.de\/?page_id=995","title":{"rendered":"Pr\u00e4sident(en)"},"content":{"rendered":"<p><span style=\"color: #000000;\">Das Oberhaupt der Waldseer UNO-Narren ist nat\u00fcrlich der&nbsp;<strong>Pr\u00e4sident<\/strong>. In nun mehr als sieben Jahrzehnten der UNO konnten neun Pr\u00e4sidenten die Geschickte der UNO steuern und leiten. Die l\u00e4ngste Amtszeit als Pr\u00e4sident hatte Emil Rohr. Er war 23 Jahre am Ruder des UNO Narrenschiffes<\/span>.<\/p>\n<p style=\"text-align: center;\"><span style=\"color: #ff0000;\"><strong>Unsere amtierende Pr\u00e4sidenten im Jubil\u00e4umsjahr 2026<\/strong><\/span><\/p>\n<table style=\"border-collapse: collapse; width: 100%;\">\n<tbody>\n<tr>\n<td style=\"width: 33.3333%; text-align: center;\"><span style=\"font-weight: 400; font-size: 12pt; color: #000000;\">ngg_shortcode_0_placeholder<\/span><\/td>\n<td style=\"width: 33.3333%; text-align: center;\"><span style=\"font-weight: 400; font-size: 12pt; color: #000000;\">ngg_shortcode_1_placeholder<\/span><\/td>\n<td style=\"width: 33.3333%; text-align: center;\"><span style=\"font-weight: 400; font-size: 12pt; color: #000000;\">ngg_shortcode_2_placeholder<\/span><\/td>\n<\/tr>\n<tr>\n<td style=\"width: 33.3333%; text-align: center;\"><span style=\"color: #ff0000;\"><strong><span style=\"font-size: 12pt;\">Pr\u00e4sident<\/span><\/strong><\/span><\/td>\n<td style=\"width: 33.3333%; text-align: center;\"><span style=\"color: #ff0000;\"><strong><span style=\"font-size: 12pt;\">Vizepr\u00e4sident<\/span><\/strong><\/span><\/td>\n<td style=\"width: 33.3333%; text-align: center;\"><span style=\"color: #ff0000;\"><strong><span style=\"font-size: 12pt;\">Ehrenpr\u00e4sident<\/span><\/strong><\/span><\/td>\n<\/tr>\n<tr>\n<td style=\"width: 33.3333%; text-align: center;\"><strong><span style=\"font-size: 12pt; color: #000000;\">Klaus Krieg<\/span><\/strong><\/td>\n<td style=\"width: 33.3333%; text-align: center;\"><strong><span style=\"font-size: 12pt; color: #000000;\">Andr\u00e9 Netter<\/span><\/strong><\/td>\n<td style=\"width: 33.3333%; text-align: center;\"><strong><span style=\"font-size: 12pt; color: #000000;\">Fritz Zinser<\/span><\/strong><\/td>\n<\/tr>\n<\/tbody>\n<\/table>\n<p>&nbsp;<\/p>\n<hr>\n<p style=\"text-align: center;\"><strong><span style=\"color: #ff0000;\">Hier die ehemaligen Pr\u00e4sidenten der UNO<\/span><\/strong><\/p>\n<hr>\n<table style=\"border-collapse: collapse; width: 100%;\">\n<tbody>\n<tr>\n<td style=\"width: 50%;\">\n<p style=\"text-align: center;\"><span style=\"color: #000000;\"><strong><span style=\"font-size: 12pt;\">Hans Denig<\/span><\/strong><\/span><\/p>\n<p style=\"text-align: center;\"><span style=\"font-weight: 400; font-size: 12pt;\">ngg_shortcode_3_placeholder<\/span><\/p>\n<p style=\"text-align: center;\"><span style=\"color: #000000;\"><strong><span style=\"font-size: 12pt;\">1949&nbsp; &#8211; 1953<\/span><\/strong><\/span><\/p>\n<\/td>\n<td style=\"width: 50%;\">\n<p style=\"text-align: center;\"><span style=\"color: #000000;\"><strong><span style=\"font-size: 12pt;\">Willi Medardt<\/span><\/strong><\/span><\/p>\n<p style=\"text-align: center;\"><span style=\"font-weight: 400; font-size: 12pt;\">ngg_shortcode_4_placeholder<\/span><\/p>\n<p style=\"text-align: center;\"><span style=\"color: #000000;\"><strong><span style=\"font-size: 12pt;\">1953 &#8211; 1956<\/span><\/strong><\/span><\/p>\n<\/td>\n<\/tr>\n<\/tbody>\n<\/table>\n<hr>\n<table style=\"border-collapse: collapse; width: 100%;\">\n<tbody>\n<tr>\n<td style=\"width: 50%;\">\n<p style=\"text-align: center;\"><span style=\"color: #000000;\"><strong><span style=\"font-size: 12pt;\">Emil Rohr<\/span><\/strong><\/span><\/p>\n<p style=\"text-align: center;\"><span style=\"font-weight: 400; font-size: 12pt;\">ngg_shortcode_5_placeholder<\/span><\/p>\n<p style=\"text-align: center;\"><span style=\"color: #000000;\"><strong><span style=\"font-size: 12pt;\">1956 &#8211; 1979<\/span><\/strong><\/span><\/p>\n<\/td>\n<td style=\"width: 50%;\">\n<p style=\"text-align: center;\"><span style=\"color: #000000;\"><strong><span style=\"font-size: 12pt;\">Heinz Stranz<\/span><\/strong><\/span><\/p>\n<p style=\"text-align: center;\"><span style=\"font-weight: 400; font-size: 12pt;\">ngg_shortcode_6_placeholder<\/span><\/p>\n<p style=\"text-align: center;\"><span style=\"color: #000000;\"><strong><span style=\"font-size: 12pt;\">1979 &#8211; 1981<\/span><\/strong><\/span><\/p>\n<\/td>\n<\/tr>\n<\/tbody>\n<\/table>\n<hr>\n<table style=\"border-collapse: collapse; width: 100%;\">\n<tbody>\n<tr>\n<td style=\"width: 50%;\">\n<p style=\"text-align: center;\"><span style=\"color: #000000;\"><strong><span style=\"font-size: 12pt;\">Richard Knittel<\/span><\/strong><\/span><\/p>\n<p style=\"text-align: center;\"><span style=\"font-weight: 400; font-size: 12pt; color: #000000;\">ngg_shortcode_7_placeholder<\/span><\/p>\n<p style=\"text-align: center;\"><span style=\"color: #000000;\"><strong><span style=\"font-size: 12pt;\">1981 &#8211; 1987<\/span><\/strong><\/span><\/p>\n<\/td>\n<td style=\"width: 50%;\">\n<p style=\"text-align: center;\"><span style=\"color: #000000;\"><strong><span style=\"font-size: 12pt;\">Fritz Zinser<\/span><\/strong><\/span><\/p>\n<p style=\"text-align: center;\"><span style=\"font-weight: 400; font-size: 12pt; color: #000000;\">ngg_shortcode_8_placeholder<\/span><\/p>\n<p style=\"text-align: center;\"><span style=\"color: #000000;\"><strong><span style=\"font-size: 12pt;\">1987 &#8211; 1994<\/span><\/strong><\/span><\/p>\n<\/td>\n<\/tr>\n<\/tbody>\n<\/table>\n<hr>\n<table style=\"border-collapse: collapse; width: 100%;\">\n<tbody>\n<tr>\n<td style=\"width: 50%;\">\n<p style=\"text-align: center;\"><span style=\"color: #000000;\"><strong><span style=\"font-size: 12pt;\">Fritz Effler<\/span><\/strong><\/span><\/p>\n<p style=\"text-align: center;\"><span style=\"font-weight: 400; font-size: 12pt; color: #000000;\">ngg_shortcode_9_placeholder<\/span><\/p>\n<p style=\"text-align: center;\"><span style=\"color: #000000;\"><strong><span style=\"font-size: 12pt;\">1994 &#8211; 2003<\/span><\/strong><\/span><\/p>\n<\/td>\n<td style=\"width: 50%;\">\n<p style=\"text-align: center;\"><span style=\"color: #000000;\"><strong><span style=\"font-size: 12pt;\">Bernhard Knittel<\/span><\/strong><\/span><\/p>\n<p style=\"text-align: center;\"><span style=\"font-weight: 400; font-size: 12pt; color: #000000;\">ngg_shortcode_10_placeholder<\/span><\/p>\n<p style=\"text-align: center;\"><span style=\"color: #000000;\"><strong><span style=\"font-size: 12pt;\">2003 &#8211; 20017<\/span><\/strong><\/span><\/p>\n<\/td>\n<\/tr>\n<\/tbody>\n<\/table>\n<hr>\n<p style=\"text-align: justify;\"><span style=\"color: #000000;\">Auch die&nbsp;<strong>Vize-Pr\u00e4sidenten<\/strong>&nbsp;waren stets an der Entwicklung des Vereins ma\u00dfgeblich beteiligt.&nbsp;Heinz Stranz verhalf als engagierter Gesch\u00e4ftsf\u00fchrer in den sechziger und siebziger Jahren der UNO zu ihrem gro\u00dfen Aufschwung schon bevor er Pr\u00e4sident wurde.<\/span><\/p>\n<p style=\"text-align: justify;\"><span style=\"color: #000000;\">Die&nbsp;<strong>Sitzungspr\u00e4sidenten<\/strong>&nbsp;stehen im Rampenlicht und ihnen verdankt jede Veranstaltung ihr Gelingen. Nach Richard Knittel f\u00fchrten unter anderem Dieter Lutz, Heinz Stranz, Gerhard Klau\u00df und viele Jahre lang Fritz Zinser durch das Programm der Sitzungen, bevor die n\u00e4chste Generation mit Matthias Th\u00f6nnes, Thomas Mayer und Jochen Zinser das Mikrofon \u00fcbernahm.<\/span><\/p>\n<p style=\"text-align: justify;\"><span style=\"color: #000000;\">Heute liegt die n\u00e4rrische Leitung in den sicheren H\u00e4nden von:<\/span><\/p>\n<ul style=\"text-align: justify;\">\n<li><span style=\"color: #000000;\">Mary Giorgi<\/span><\/li>\n<li><span style=\"color: #000000;\">Volker Kn\u00f6rr<\/span><\/li>\n<li><span style=\"color: #000000;\">Oliver Hahn<\/span><\/li>\n<li><span style=\"color: #000000;\">Michael Willms<\/span><\/li>\n<\/ul>\n<p style=\"text-align: justify;\"><span style=\"color: #000000;\">Die UNO hat auch <strong>Ehrenpr\u00e4sidente<\/strong>. Der erste Ehrenpr\u00e4sident der UNO war Emil Rohr. Sein Nachfolger in diesem Ehrenamt wurde Fritz Zinser.<\/span><\/p>\n<p>&nbsp;<\/p>\n","protected":false},"excerpt":{"rendered":"<p>Das Oberhaupt der Waldseer UNO-Narren ist nat\u00fcrlich der&nbsp;Pr\u00e4sident. In nun mehr als sieben Jahrzehnten der UNO konnten neun Pr\u00e4sidenten die Geschickte der UNO steuern und leiten. Die l\u00e4ngste Amtszeit als Pr\u00e4sident hatte Emil Rohr. Er war 23 Jahre am Ruder des UNO Narrenschiffes. Unsere amtierende Pr\u00e4sidenten im Jubil\u00e4umsjahr 2026 Pr\u00e4sident Vizepr\u00e4sident Ehrenpr\u00e4sident Klaus Krieg Andr\u00e9 [&hellip;]<\/p>\n","protected":false},"author":1,"featured_media":0,"parent":0,"menu_order":30,"comment_status":"closed","ping_status":"closed","template":"","meta":{"ngg_post_thumbnail":0,"footnotes":""},"categories":[9],"tags":[],"class_list":["post-995","page","type-page","status-publish","hentry","category-vereinsfuehrung"],"_links":{"self":[{"href":"https:\/\/kv-uno-waldsee.de\/index.php?rest_route=\/wp\/v2\/pages\/995","targetHints":{"allow":["GET"]}}],"collection":[{"href":"https:\/\/kv-uno-waldsee.de\/index.php?rest_route=\/wp\/v2\/pages"}],"about":[{"href":"https:\/\/kv-uno-waldsee.de\/index.php?rest_route=\/wp\/v2\/types\/page"}],"author":[{"embeddable":true,"href":"https:\/\/kv-uno-waldsee.de\/index.php?rest_route=\/wp\/v2\/users\/1"}],"replies":[{"embeddable":true,"href":"https:\/\/kv-uno-waldsee.de\/index.php?rest_route=%2Fwp%2Fv2%2Fcomments&post=995"}],"version-history":[{"count":24,"href":"https:\/\/kv-uno-waldsee.de\/index.php?rest_route=\/wp\/v2\/pages\/995\/revisions"}],"predecessor-version":[{"id":4257,"href":"https:\/\/kv-uno-waldsee.de\/index.php?rest_route=\/wp\/v2\/pages\/995\/revisions\/4257"}],"wp:attachment":[{"href":"https:\/\/kv-uno-waldsee.de\/index.php?rest_route=%2Fwp%2Fv2%2Fmedia&parent=995"}],"wp:term":[{"taxonomy":"category","embeddable":true,"href":"https:\/\/kv-uno-waldsee.de\/index.php?rest_route=%2Fwp%2Fv2%2Fcategories&post=995"},{"taxonomy":"post_tag","embeddable":true,"href":"https:\/\/kv-uno-waldsee.de\/index.php?rest_route=%2Fwp%2Fv2%2Ftags&post=995"}],"curies":[{"name":"wp","href":"https:\/\/api.w.org\/{rel}","templated":true}]}}

Präsident(en)

<p><span style="color: #000000;">Das Oberhaupt der Waldseer UNO-Narren ist natürlich der&nbsp;<strong>Präsident</strong>. In nun mehr als sieben Jahrzehnten der UNO konnten neun Präsidenten die Geschickte der UNO steuern und leiten. Die längste Amtszeit als Präsident hatte Emil Rohr. Er war 23 Jahre am Ruder des UNO Narrenschiffes</span>.</p>
<p style="text-align: center;"><span style="color: #ff0000;"><strong>Unsere amtierende Präsidenten im Jubiläumsjahr 2026</strong></span></p>
<table style="border-collapse: collapse; width: 100%;">
<tbody>
<tr>
<td style="width: 33.3333%; text-align: center;"><span style="font-weight: 400; font-size: 12pt; color: #000000;">ngg_shortcode_0_placeholder</span></td>
<td style="width: 33.3333%; text-align: center;"><span style="font-weight: 400; font-size: 12pt; color: #000000;">ngg_shortcode_1_placeholder</span></td>
<td style="width: 33.3333%; text-align: center;"><span style="font-weight: 400; font-size: 12pt; color: #000000;">ngg_shortcode_2_placeholder</span></td>
</tr>
<tr>
<td style="width: 33.3333%; text-align: center;"><span style="color: #ff0000;"><strong><span style="font-size: 12pt;">Präsident</span></strong></span></td>
<td style="width: 33.3333%; text-align: center;"><span style="color: #ff0000;"><strong><span style="font-size: 12pt;">Vizepräsident</span></strong></span></td>
<td style="width: 33.3333%; text-align: center;"><span style="color: #ff0000;"><strong><span style="font-size: 12pt;">Ehrenpräsident</span></strong></span></td>
</tr>
<tr>
<td style="width: 33.3333%; text-align: center;"><strong><span style="font-size: 12pt; color: #000000;">Klaus Krieg</span></strong></td>
<td style="width: 33.3333%; text-align: center;"><strong><span style="font-size: 12pt; color: #000000;">André Netter</span></strong></td>
<td style="width: 33.3333%; text-align: center;"><strong><span style="font-size: 12pt; color: #000000;">Fritz Zinser</span></strong></td>
</tr>
</tbody>
</table>
<p>&nbsp;</p>
<hr>
<p style="text-align: center;"><strong><span style="color: #ff0000;">Hier die ehemaligen Präsidenten der UNO</span></strong></p>
<hr>
<table style="border-collapse: collapse; width: 100%;">
<tbody>
<tr>
<td style="width: 50%;">
<p style="text-align: center;"><span style="color: #000000;"><strong><span style="font-size: 12pt;">Hans Denig</span></strong></span></p>
<p style="text-align: center;"><span style="font-weight: 400; font-size: 12pt;">ngg_shortcode_3_placeholder</span></p>
<p style="text-align: center;"><span style="color: #000000;"><strong><span style="font-size: 12pt;">1949&nbsp; &#8211; 1953</span></strong></span></p>
</td>
<td style="width: 50%;">
<p style="text-align: center;"><span style="color: #000000;"><strong><span style="font-size: 12pt;">Willi Medardt</span></strong></span></p>
<p style="text-align: center;"><span style="font-weight: 400; font-size: 12pt;">ngg_shortcode_4_placeholder</span></p>
<p style="text-align: center;"><span style="color: #000000;"><strong><span style="font-size: 12pt;">1953 &#8211; 1956</span></strong></span></p>
</td>
</tr>
</tbody>
</table>
<hr>
<table style="border-collapse: collapse; width: 100%;">
<tbody>
<tr>
<td style="width: 50%;">
<p style="text-align: center;"><span style="color: #000000;"><strong><span style="font-size: 12pt;">Emil Rohr</span></strong></span></p>
<p style="text-align: center;"><span style="font-weight: 400; font-size: 12pt;">ngg_shortcode_5_placeholder</span></p>
<p style="text-align: center;"><span style="color: #000000;"><strong><span style="font-size: 12pt;">1956 &#8211; 1979</span></strong></span></p>
</td>
<td style="width: 50%;">
<p style="text-align: center;"><span style="color: #000000;"><strong><span style="font-size: 12pt;">Heinz Stranz</span></strong></span></p>
<p style="text-align: center;"><span style="font-weight: 400; font-size: 12pt;">ngg_shortcode_6_placeholder</span></p>
<p style="text-align: center;"><span style="color: #000000;"><strong><span style="font-size: 12pt;">1979 &#8211; 1981</span></strong></span></p>
</td>
</tr>
</tbody>
</table>
<hr>
<table style="border-collapse: collapse; width: 100%;">
<tbody>
<tr>
<td style="width: 50%;">
<p style="text-align: center;"><span style="color: #000000;"><strong><span style="font-size: 12pt;">Richard Knittel</span></strong></span></p>
<p style="text-align: center;"><span style="font-weight: 400; font-size: 12pt; color: #000000;">ngg_shortcode_7_placeholder</span></p>
<p style="text-align: center;"><span style="color: #000000;"><strong><span style="font-size: 12pt;">1981 &#8211; 1987</span></strong></span></p>
</td>
<td style="width: 50%;">
<p style="text-align: center;"><span style="color: #000000;"><strong><span style="font-size: 12pt;">Fritz Zinser</span></strong></span></p>
<p style="text-align: center;"><span style="font-weight: 400; font-size: 12pt; color: #000000;">ngg_shortcode_8_placeholder</span></p>
<p style="text-align: center;"><span style="color: #000000;"><strong><span style="font-size: 12pt;">1987 &#8211; 1994</span></strong></span></p>
</td>
</tr>
</tbody>
</table>
<hr>
<table style="border-collapse: collapse; width: 100%;">
<tbody>
<tr>
<td style="width: 50%;">
<p style="text-align: center;"><span style="color: #000000;"><strong><span style="font-size: 12pt;">Fritz Effler</span></strong></span></p>
<p style="text-align: center;"><span style="font-weight: 400; font-size: 12pt; color: #000000;">ngg_shortcode_9_placeholder</span></p>
<p style="text-align: center;"><span style="color: #000000;"><strong><span style="font-size: 12pt;">1994 &#8211; 2003</span></strong></span></p>
</td>
<td style="width: 50%;">
<p style="text-align: center;"><span style="color: #000000;"><strong><span style="font-size: 12pt;">Bernhard Knittel</span></strong></span></p>
<p style="text-align: center;"><span style="font-weight: 400; font-size: 12pt; color: #000000;">ngg_shortcode_10_placeholder</span></p>
<p style="text-align: center;"><span style="color: #000000;"><strong><span style="font-size: 12pt;">2003 &#8211; 20017</span></strong></span></p>
</td>
</tr>
</tbody>
</table>
<hr>
<p style="text-align: justify;"><span style="color: #000000;">Auch die&nbsp;<strong>Vize-Präsidenten</strong>&nbsp;waren stets an der Entwicklung des Vereins maßgeblich beteiligt.&nbsp;Heinz Stranz verhalf als engagierter Geschäftsführer in den sechziger und siebziger Jahren der UNO zu ihrem großen Aufschwung schon bevor er Präsident wurde.</span></p>
<p style="text-align: justify;"><span style="color: #000000;">Die&nbsp;<strong>Sitzungspräsidenten</strong>&nbsp;stehen im Rampenlicht und ihnen verdankt jede Veranstaltung ihr Gelingen. Nach Richard Knittel führten unter anderem Dieter Lutz, Heinz Stranz, Gerhard Klauß und viele Jahre lang Fritz Zinser durch das Programm der Sitzungen, bevor die nächste Generation mit Matthias Thönnes, Thomas Mayer und Jochen Zinser das Mikrofon übernahm.</span></p>
<p style="text-align: justify;"><span style="color: #000000;">Heute liegt die närrische Leitung in den sicheren Händen von:</span></p>
<ul style="text-align: justify;">
<li><span style="color: #000000;">Mary Giorgi</span></li>
<li><span style="color: #000000;">Volker Knörr</span></li>
<li><span style="color: #000000;">Oliver Hahn</span></li>
<li><span style="color: #000000;">Michael Willms</span></li>
</ul>
<p style="text-align: justify;"><span style="color: #000000;">Die UNO hat auch <strong>Ehrenpräsidente</strong>. Der erste Ehrenpräsident der UNO war Emil Rohr. Sein Nachfolger in diesem Ehrenamt wurde Fritz Zinser.</span></p>
<p>&nbsp;</p>

<p>Das Oberhaupt der Waldseer UNO-Narren ist natürlich der&nbsp;Präsident. In nun mehr als sieben Jahrzehnten der UNO konnten neun Präsidenten die Geschickte der UNO steuern und leiten. Die längste Amtszeit als Präsident hatte Emil Rohr. Er war 23 Jahre am Ruder des UNO Narrenschiffes. Unsere amtierende Präsidenten im Jubiläumsjahr 2026 Präsident Vizepräsident Ehrenpräsident Klaus Krieg André [&hellip;]</p>
