{"id":81,"date":"2020-07-17T07:49:41","date_gmt":"2020-07-17T07:49:41","guid":{"rendered":"http:\/\/neu2020.kv-uno-waldsee.de\/?page_id=81"},"modified":"2026-03-20T11:24:23","modified_gmt":"2026-03-20T10:24:23","slug":"mitgliedschaft-2","status":"publish","type":"page","link":"https:\/\/kv-uno-waldsee.de\/?page_id=81","title":{"rendered":"Aktueller Kalender"},"content":{"rendered":"<p style=\"text-align: justify;\"><span style=\"color: #000000;\"><em>W\u00e4hrend der \u00f6ffentlichen Veranstaltungen (Ballveranstaltungen, Prunksitzungen, Kindermaskenparty, Faschingsumzug etc.) werden Fotos und Videoaufnahmen durch den KV UNO gefertigt. Diese Aufnahmen k\u00f6nnen in Digitalform und Printform durch den KV UNO ver\u00f6ffentlicht werden.<\/em><\/span><\/p>\n<p style=\"text-align: justify;\"><span style=\"color: #ff0000;\"><strong>Irrt\u00fcmer und \u00c4nderungen vorbehalten<\/strong><\/span><\/p>\n<h2 id=\"tablepress-29-name\" class=\"tablepress-table-name tablepress-table-name-id-29\">Kalender der Kampagne 2026\/2027<\/h2>\n\n<table id=\"tablepress-29\" class=\"tablepress tablepress-id-29 tbody-has-connected-cells\" aria-labelledby=\"tablepress-29-name\">\n<tbody class=\"row-striping row-hover\">\n<tr class=\"row-1\">\n\t<td colspan=\"2\" class=\"column-1\"><span style=\"color: #ff0000;\"><strong>November<\/strong><\/span><\/td><td class=\"column-3\"><\/td><td class=\"column-4\"><\/td><td class=\"column-5\"><\/td>\n<\/tr>\n<tr class=\"row-2\">\n\t<td class=\"column-1\">Samstag<\/td><td class=\"column-2\">07.11.2026<\/td><td class=\"column-3\">19:33 Uhr<\/td><td class=\"column-4\">Ball der Prinzessin zur Er\u00f6ffnung der Kampagne<\/td><td class=\"column-5\">Kulturhalle Waldsee<\/td>\n<\/tr>\n<tr class=\"row-3\">\n\t<td colspan=\"2\" class=\"column-1\"><span style=\"color: #ff0000;\"><strong>Januar<\/strong><\/span><\/td><td class=\"column-3\"><\/td><td class=\"column-4\"><\/td><td class=\"column-5\"><\/td>\n<\/tr>\n<tr class=\"row-4\">\n\t<td class=\"column-1\">Freitag<\/td><td class=\"column-2\">15.01.2027<\/td><td class=\"column-3\">19:33 Uhr<\/td><td class=\"column-4\">1. Prunksitzung<\/td><td class=\"column-5\">Kulturhalle Waldsee<\/td>\n<\/tr>\n<tr class=\"row-5\">\n\t<td class=\"column-1\">Samstag<\/td><td class=\"column-2\">16.01.2027<\/td><td class=\"column-3\">19:33 Uhr<\/td><td class=\"column-4\">2. Prunksitzung<\/td><td class=\"column-5\">Kulturhalle Waldsee<\/td>\n<\/tr>\n<tr class=\"row-6\">\n\t<td class=\"column-1\">Freitag<\/td><td class=\"column-2\">22.01.2027<\/td><td class=\"column-3\">19:33 Uhr<\/td><td class=\"column-4\">3. Prunksitzung<\/td><td class=\"column-5\">Kulturhalle Waldsee<\/td>\n<\/tr>\n<tr class=\"row-7\">\n\t<td class=\"column-1\">Samstag<\/td><td class=\"column-2\">23.01.2027<\/td><td class=\"column-3\">19:33 Uhr<\/td><td class=\"column-4\">4. Prunksitzung<\/td><td class=\"column-5\">Kulturhalle Waldsee<\/td>\n<\/tr>\n<tr class=\"row-8\">\n\t<td class=\"column-1\">Samstag<\/td><td class=\"column-2\">30.01.2027<\/td><td class=\"column-3\">19:33 Uhr<\/td><td class=\"column-4\">5. Prunksitzung<\/td><td class=\"column-5\">Kulturhalle Waldsee<\/td>\n<\/tr>\n<tr class=\"row-9\">\n\t<td class=\"column-1\">Sonntag<\/td><td class=\"column-2\">31.01.2027<\/td><td class=\"column-3\">13:33 Uhr<\/td><td class=\"column-4\">6. Prunksitzung<\/td><td class=\"column-5\">Kulturhalle Waldsee<\/td>\n<\/tr>\n<tr class=\"row-10\">\n\t<td colspan=\"2\" class=\"column-1\"><span style=\"color: #ff0000;\"><strong>Februar<\/strong><\/span><\/td><td class=\"column-3\"><\/td><td class=\"column-4\"><\/td><td class=\"column-5\"><\/td>\n<\/tr>\n<tr class=\"row-11\">\n\t<td class=\"column-1\">Donnerstag<\/td><td class=\"column-2\">04.02.2027<\/td><td class=\"column-3\">08:00 Uhr<\/td><td class=\"column-4\">Schmutziger Donnerstag<\/td><td class=\"column-5\">\u00dcberall in Waldsee<\/td>\n<\/tr>\n<tr class=\"row-12\">\n\t<td class=\"column-1\">Sonntag<\/td><td class=\"column-2\">07.02.2027<\/td><td class=\"column-3\">13:33 Uhr<\/td><td class=\"column-4\">Kinderfastnachtsparty<\/td><td class=\"column-5\">Kulturhalle Waldsee<\/td>\n<\/tr>\n<tr class=\"row-13\">\n\t<td class=\"column-1\">Dienstag<\/td><td class=\"column-2\">09.02.2027<\/td><td class=\"column-3\">13:33 Uhr<\/td><td class=\"column-4\">Fasnachtsumzug<\/td><td class=\"column-5\">Dorfstra\u00dfen<\/td>\n<\/tr>\n<tr class=\"row-14\">\n\t<td class=\"column-1\">Dienstag<\/td><td class=\"column-2\">09.02.2027<\/td><td class=\"column-3\">Nach dem Umzug<\/td><td class=\"column-4\">Umzugs-Abschlu\u00df-Party<\/td><td class=\"column-5\">Kulturhalle Waldsee<\/td>\n<\/tr>\n<tr class=\"row-15\">\n\t<td class=\"column-1\">Freitag<\/td><td class=\"column-2\">19.02.2027<\/td><td class=\"column-3\">19:00 Uhr<\/td><td class=\"column-4\">Speck- und Eieressen<\/td><td class=\"column-5\">Narrhalla<\/td>\n<\/tr>\n<\/tbody>\n<\/table>\n<!-- #tablepress-29 from cache -->\n","protected":false},"excerpt":{"rendered":"<p>W\u00e4hrend der \u00f6ffentlichen Veranstaltungen (Ballveranstaltungen, Prunksitzungen, Kindermaskenparty, Faschingsumzug etc.) werden Fotos und Videoaufnahmen durch den KV UNO gefertigt. Diese Aufnahmen k\u00f6nnen in Digitalform und Printform durch den KV UNO ver\u00f6ffentlicht werden. Irrt\u00fcmer und \u00c4nderungen vorbehalten<\/p>\n","protected":false},"author":1,"featured_media":0,"parent":0,"menu_order":55,"comment_status":"closed","ping_status":"closed","template":"","meta":{"ngg_post_thumbnail":0,"footnotes":""},"categories":[],"tags":[],"class_list":["post-81","page","type-page","status-publish","hentry"],"_links":{"self":[{"href":"https:\/\/kv-uno-waldsee.de\/index.php?rest_route=\/wp\/v2\/pages\/81","targetHints":{"allow":["GET"]}}],"collection":[{"href":"https:\/\/kv-uno-waldsee.de\/index.php?rest_route=\/wp\/v2\/pages"}],"about":[{"href":"https:\/\/kv-uno-waldsee.de\/index.php?rest_route=\/wp\/v2\/types\/page"}],"author":[{"embeddable":true,"href":"https:\/\/kv-uno-waldsee.de\/index.php?rest_route=\/wp\/v2\/users\/1"}],"replies":[{"embeddable":true,"href":"https:\/\/kv-uno-waldsee.de\/index.php?rest_route=%2Fwp%2Fv2%2Fcomments&post=81"}],"version-history":[{"count":11,"href":"https:\/\/kv-uno-waldsee.de\/index.php?rest_route=\/wp\/v2\/pages\/81\/revisions"}],"predecessor-version":[{"id":4734,"href":"https:\/\/kv-uno-waldsee.de\/index.php?rest_route=\/wp\/v2\/pages\/81\/revisions\/4734"}],"wp:attachment":[{"href":"https:\/\/kv-uno-waldsee.de\/index.php?rest_route=%2Fwp%2Fv2%2Fmedia&parent=81"}],"wp:term":[{"taxonomy":"category","embeddable":true,"href":"https:\/\/kv-uno-waldsee.de\/index.php?rest_route=%2Fwp%2Fv2%2Fcategories&post=81"},{"taxonomy":"post_tag","embeddable":true,"href":"https:\/\/kv-uno-waldsee.de\/index.php?rest_route=%2Fwp%2Fv2%2Ftags&post=81"}],"curies":[{"name":"wp","href":"https:\/\/api.w.org\/{rel}","templated":true}]}}