{"id":760,"date":"2020-07-21T10:21:53","date_gmt":"2020-07-21T10:21:53","guid":{"rendered":"http:\/\/neu2020.kv-uno-waldsee.de\/?page_id=760"},"modified":"2020-07-21T10:29:00","modified_gmt":"2020-07-21T10:29:00","slug":"einladung","status":"publish","type":"page","link":"https:\/\/kv-uno-waldsee.de\/?page_id=760","title":{"rendered":"Einladung"},"content":{"rendered":"<p style=\"text-align: justify;\"><span style=\"color: #000000;\">Herzlich willkommen auf der Seite der gr\u00f6\u00dften 1-Tages-Veranstaltung die der Verein und die ganze Gemeinde zu bieten hat; dem gro\u00dfen Fasnachtsumzug des Karnevalverein UNO Waldsee. Nach Sch\u00e4tzungen der Umzugsleitung und der \u00f6rtlichen Beh\u00f6rden konnten wir in den letzten Jahren jeweils mehr als 8000 (!!) Zuschauer begr\u00fc\u00dfen. Desweiteren wirken am Umzug aktiv rund 600 Personen mit. Ob als Besatzung eines Fahrzeuges, Mitglied einer Fu\u00dfgruppe, Musik und Spielmannszug, Garden, Zugbegleiter, f\u00fcr jeden ist etwas dabei, der mitmachen will. Das wir als UNO dies nicht alleine bew\u00e4ltigen k\u00f6nnen kann man sich sicherlich vorstellen. Ohne die zahlreiche Unterst\u00fctzung vieler Vereine und privaten Fasnachtsfreunden w\u00e4re dieser Umzug, der weit \u00fcber die Grenzen Waldsees bekannt ist, nicht m\u00f6glich. Nicht zu vergessen ist die Unterst\u00fctzung der Gemeindeverwaltung, den das ansonsten ruhige Waldsee steht an diesem Tag buchst\u00e4blich auf dem Kopf. \u00dcber viele Jahre hinweg eine liebgewordene Tradition sind die vielen \u201cTankstellen\u201d am Umzugsweg, die von Anwohnern als kleines Dankesch\u00f6n unterhalten werden.<\/span><\/p>\n<table style=\"border-collapse: collapse; width: 100%;\">\n<tbody>\n<tr>\n<td style=\"width: 100%; text-align: center;\"><span style=\"font-size: 12pt;\"><!-- HTML Forms v1.6.3 - https:\/\/wordpress.org\/plugins\/html-forms\/ -->\n<form method=\"post\"  class=\"hf-form hf-form-762 \" data-id=\"762\" data-title=\"Umzug Trailer\" data-slug=\"umzug-trailer\" data-message-success=\"Thank you! We will be in touch soon.\" data-message-invalid-email=\"Sorry, that email address looks invalid.\" data-message-required-field-missing=\"Please fill in the required fields.\" data-message-error=\"Oops. An error occurred.\" data-message-recaptcha-failed=\"reCAPTCHA verification failed. Please try again.\" data-message-recaptcha-low-score=\"Your submission appears to be spam. Please try again.\"><input type=\"hidden\" name=\"_hf_form_id\" value=\"762\" \/><div style=\"display: none;\"><input type=\"text\" name=\"_hf_h762\" value=\"\" \/><\/div><div class=\"hf-fields-wrap\"><iframe loading=\"lazy\" width=\"560\" height=\"315\" src=\"https:\/\/www.youtube.com\/embed\/bqbm2H6-DXY\" frameborder=\"0\" allow=\"accelerometer; autoplay; encrypted-media; gyroscope; picture-in-picture\" allowfullscreen><\/iframe><noscript>Damit dieses Formular funktioniert bitte JavaScript aktivieren.<\/noscript><\/div><\/form><!-- \/ HTML Forms --><\/span><\/td>\n<\/tr>\n<\/tbody>\n<\/table>\n<p style=\"text-align: center;\">&nbsp;<\/p>\n<p style=\"text-align: justify;\"><span style=\"color: #000000;\"><strong>Liebe Freunde der Waldseer Fasnacht,<\/strong><\/span><\/p>\n<p style=\"text-align: justify;\"><span style=\"color: #000000;\">auch in diesem Jahre wird der Karnevalverein \u201eUNO 1949 Waldsee e.V.\u201c wieder einen Fasnachtsumzug veranstalten. Der Termin ist in unserem&nbsp;<strong><a style=\"color: #000000;\" title=\"Terminkalender\" href=\"http:\/\/neu2020.kv-uno-waldsee.de\/?page_id=81\" target=\"_blank\" rel=\"noopener noreferrer\">Kalender&nbsp;<\/a><\/strong>ersichtlich. Damit \u201eunser Zug\u201c an die Erfolge der letzten Jahre ankn\u00fcpfen kann, rufen wir wieder jeden auf, ob jung oder alt, seine Ideen in Umzugswagen und Kost\u00fcme zu stecken. Wir freuen uns darauf, wieder mit Euch durch die Waldseer Strassen zu fahren und miteinander unsere Fasnacht zu feiern. Im Anschluss an den Umzug findet eine gro\u00dfe Abschlussparty in der Kulturhalle statt, wozu alle Fasnachter schon jetzt recht herzlich eingeladen sind.<\/span><\/p>\n<p style=\"text-align: justify;\"><span style=\"color: #000000;\">Ebenso sind alle Zugteilnehmer zu unserem traditionellen und kostenlosen Speck- und Eieressen in der Narrhalla eingeladen. Auch dieser&nbsp;<strong><a style=\"color: #000000;\" title=\"Terminkalender\" href=\"http:\/\/neu2020.kv-uno-waldsee.de\/?page_id=81\" target=\"_blank\" rel=\"noopener noreferrer\">Termin<\/a><\/strong>&nbsp;ist im Kalender zu finden.<\/span><\/p>\n<p style=\"text-align: justify;\"><span style=\"color: #000000;\">Ein Umzug lebt vom Mitmachen und deshalb bedanken wir uns im Namen des K.V.UNO 1949 Waldsee e.V. an dieser Stelle ganz herzlich bei Euch. Wir w\u00fcnschen Euch und Eurer Gruppe eine sch\u00f6ne Vorbereitungszeit in dieser Kampagne, einen erfolgreichen Umzug und viel Freude dabei.<\/span><\/p>\n<p style=\"text-align: justify;\"><span style=\"color: #000000;\">Ein Ereignis wie ein Fasnachtsumzug bringt naturgem\u00e4\u00df auch Vorschriften mit sich, die zu beachten sind, um die Sicherheit von Teilnehmern und Zuschauern gleicherma\u00dfen zu gew\u00e4hrleisten. Als Veranstalter sind wir in die Pflicht genommen, darauf hinzuweisen und die Einhaltung zu \u00fcberwachen.<\/span><\/p>\n<p style=\"text-align: justify;\"><span style=\"color: #000000;\">Wir bitten Euch daher, die im Anhang beigelegen Teilnahmebedingungen und das Merkblatt aufmerksam durchlesen und zu beachten. Bei Versto\u00df gegen Sicherheitsvorschriften ist eine Teilnahme an unserem Umzug leider nicht m\u00f6glich. Dar\u00fcber hinaus besteht bei Missachtung von versicherungsrechtlich vorgeschriebenen Pr\u00e4missen die Gefahr, dass der mit der Umzugsteilnahme verbundene Versicherungsschutz erlischt. Wir bitten deshalb sehr eindringlich nicht nur in unserem, sondern auch in Eurem eigenen Interesse um die Einhaltung der aufgef\u00fchrten Vorgaben.<\/span><\/p>\n<p style=\"text-align: justify;\"><span style=\"color: #000000;\">In unserer Narrhalla stehen unsere UNO-Aktiven au\u00dferdem samstags gerne zu weiteren Ausk\u00fcnften und Tipps zur Wagengestaltung und Materialbeschaffung zur Verf\u00fcgung.<\/span><\/p>\n<p style=\"text-align: justify;\"><span style=\"color: #000000;\"><strong>Mit n\u00e4rrischen Gr\u00fc\u00dfen Umzugs- und B\u00fchnenbauausschu\u00df<\/strong><\/span><\/p>\n","protected":false},"excerpt":{"rendered":"<p>Herzlich willkommen auf der Seite der gr\u00f6\u00dften 1-Tages-Veranstaltung die der Verein und die ganze Gemeinde zu bieten hat; dem gro\u00dfen Fasnachtsumzug des Karnevalverein UNO Waldsee. Nach Sch\u00e4tzungen der Umzugsleitung und der \u00f6rtlichen Beh\u00f6rden konnten wir in den letzten Jahren jeweils mehr als 8000 (!!) Zuschauer begr\u00fc\u00dfen. Desweiteren wirken am Umzug aktiv rund 600 Personen mit. [&hellip;]<\/p>\n","protected":false},"author":1,"featured_media":0,"parent":0,"menu_order":33,"comment_status":"closed","ping_status":"closed","template":"","meta":{"ngg_post_thumbnail":0,"footnotes":""},"categories":[14],"tags":[],"class_list":["post-760","page","type-page","status-publish","hentry","category-umzug"],"_links":{"self":[{"href":"https:\/\/kv-uno-waldsee.de\/index.php?rest_route=\/wp\/v2\/pages\/760","targetHints":{"allow":["GET"]}}],"collection":[{"href":"https:\/\/kv-uno-waldsee.de\/index.php?rest_route=\/wp\/v2\/pages"}],"about":[{"href":"https:\/\/kv-uno-waldsee.de\/index.php?rest_route=\/wp\/v2\/types\/page"}],"author":[{"embeddable":true,"href":"https:\/\/kv-uno-waldsee.de\/index.php?rest_route=\/wp\/v2\/users\/1"}],"replies":[{"embeddable":true,"href":"https:\/\/kv-uno-waldsee.de\/index.php?rest_route=%2Fwp%2Fv2%2Fcomments&post=760"}],"version-history":[{"count":6,"href":"https:\/\/kv-uno-waldsee.de\/index.php?rest_route=\/wp\/v2\/pages\/760\/revisions"}],"predecessor-version":[{"id":767,"href":"https:\/\/kv-uno-waldsee.de\/index.php?rest_route=\/wp\/v2\/pages\/760\/revisions\/767"}],"wp:attachment":[{"href":"https:\/\/kv-uno-waldsee.de\/index.php?rest_route=%2Fwp%2Fv2%2Fmedia&parent=760"}],"wp:term":[{"taxonomy":"category","embeddable":true,"href":"https:\/\/kv-uno-waldsee.de\/index.php?rest_route=%2Fwp%2Fv2%2Fcategories&post=760"},{"taxonomy":"post_tag","embeddable":true,"href":"https:\/\/kv-uno-waldsee.de\/index.php?rest_route=%2Fwp%2Fv2%2Ftags&post=760"}],"curies":[{"name":"wp","href":"https:\/\/api.w.org\/{rel}","templated":true}]}}