{"id":4134,"date":"2025-09-22T10:08:47","date_gmt":"2025-09-22T09:08:47","guid":{"rendered":"https:\/\/kv-uno-waldsee.de\/?page_id=4134"},"modified":"2025-11-08T09:36:38","modified_gmt":"2025-11-08T08:36:38","slug":"aktueller-orden-4","status":"publish","type":"page","link":"https:\/\/kv-uno-waldsee.de\/?page_id=4134","title":{"rendered":"Aktueller Orden"},"content":{"rendered":"<p><span style=\"color: #000000;\">Der<strong>&nbsp;Jahresorden<\/strong>&nbsp;ihrer Tollit\u00e4t, heute wie fr\u00fcher die h\u00f6chste Auszeichnung und der \u201eeinzige\u201c Lohn der Aktiven der Waldseer Fasnacht.&nbsp;Schon seit vielen Jahren ist der Jahresorden eine Eigenkreation der UNO. Auf ihm spiegelt sich so manches Detail rund um die jeweilige Tollit\u00e4t.<\/span><\/p>\n<p><span style=\"color: #000000;\">Im Mittelpunkt unseres Jahresorden steht auch dieses Jahr unsere Prinzessin.<\/span><\/p>\n<h2 style=\"text-align: center;\"><span style=\"color: #ff0000;\"><strong>Der Jahresorden der Kampagne 2025\/2026<\/strong><\/span><a href=\"https:\/\/kv-uno-waldsee.de\/wp-content\/uploads\/2025\/09\/Orden-2025-2026-temp.jpg\"><img loading=\"lazy\" decoding=\"async\" class=\"aligncenter wp-image-4183\" src=\"https:\/\/kv-uno-waldsee.de\/wp-content\/uploads\/2025\/09\/Orden-2025-2026-temp.jpg\" alt=\"\" width=\"301\" height=\"283\" srcset=\"https:\/\/kv-uno-waldsee.de\/wp-content\/uploads\/2025\/09\/Orden-2025-2026-temp.jpg 1212w, https:\/\/kv-uno-waldsee.de\/wp-content\/uploads\/2025\/09\/Orden-2025-2026-temp-300x282.jpg 300w, https:\/\/kv-uno-waldsee.de\/wp-content\/uploads\/2025\/09\/Orden-2025-2026-temp-1024x962.jpg 1024w, https:\/\/kv-uno-waldsee.de\/wp-content\/uploads\/2025\/09\/Orden-2025-2026-temp-768x722.jpg 768w, https:\/\/kv-uno-waldsee.de\/wp-content\/uploads\/2025\/09\/Orden-2025-2026-temp-660x620.jpg 660w, https:\/\/kv-uno-waldsee.de\/wp-content\/uploads\/2025\/09\/Orden-2025-2026-temp-240x226.jpg 240w\" sizes=\"auto, (max-width: 301px) 100vw, 301px\" \/><\/a><\/h2>\n<div class=\"default-style\"><strong><span style=\"color: #000000;\">Wie immer haben die einzelnen Teile des Orden ihre Bedeutung:<\/span><\/strong><\/div>\n<div>&nbsp;<\/div>\n<ul>\n<li style=\"text-align: justify;\"><span style=\"color: #000000;\">Die Zahl <strong>\u201e7&#215;11\u201c<\/strong> steht f\u00fcr das 77 &#8211; j\u00e4hrige Jubil\u00e4um der UNO. <\/span><\/li>\n<li style=\"text-align: justify;\"><span style=\"color: #000000;\">Das <strong>Tanzmariechen<\/strong> steht f\u00fcr die t\u00e4nzerische Laufbahn von Emilie I. durch alle Garden und aktuell bei der Showtanzgruppe \u201eX-Treme\u201c.<\/span><\/li>\n<li style=\"text-align: justify;\"><span style=\"color: #000000;\">Die <strong>Handb\u00e4lle<\/strong> stehen f\u00fcr das schon seit dem Kindesalter geteilte sportliche Hobby des Prinzenpaares.<\/span><\/li>\n<li style=\"text-align: justify;\"><span style=\"color: #000000;\">Die <strong>B\u00fctt<\/strong> als zentrales Ordens Element zeigt die Leidenschaft f\u00fcr die B\u00fcttenrede von Emilie I. und Tim I., die beide schon in der B\u00fctt standen, bevor sie selbst lesen konnten.<\/span><\/li>\n<li style=\"text-align: justify;\"><span style=\"color: #000000;\">Der <strong>Olivenzweig<\/strong> und die <strong>F\u00e4cher<\/strong> sollen das gemeinsame Lieblingsurlaubsziel des Prinzenpaares, Spanien, darstellen, wo die beiden in ihrer Kindheit fast j\u00e4hrlich zu Besuch waren. Spanien ist \u00fcbrigens auch das Motto der diesj\u00e4hrigen Kampagne.<\/span><\/li>\n<li style=\"text-align: justify;\"><span style=\"color: #000000;\">Die <strong>Gitarre<\/strong> bildet die musikalische Ader des Prinzenpaares ab. Tim I. trommelte schon fr\u00fch auf dem Schlagzeug und erlernte sp\u00e4ter das Spielen der Gitarre und Emilie I. lernte in jungen Jahren Saxophon spielen, um ein Teil der \u201eWaldsemer Gasserassler\u201c werden zu k\u00f6nnen.<\/span><\/li>\n<li style=\"text-align: justify;\"><span style=\"color: #000000;\">Die <strong>Hundepfoten<\/strong> sind ein Symbol f\u00fcr die Familienh\u00fcndin \u201eWickie\u201c, die seit zw\u00f6lf Jahren das Leben der beiden begleitet.<\/span><\/li>\n<\/ul>\n","protected":false},"excerpt":{"rendered":"<p>Der&nbsp;Jahresorden&nbsp;ihrer Tollit\u00e4t, heute wie fr\u00fcher die h\u00f6chste Auszeichnung und der \u201eeinzige\u201c Lohn der Aktiven der Waldseer Fasnacht.&nbsp;Schon seit vielen Jahren ist der Jahresorden eine Eigenkreation der UNO. Auf ihm spiegelt sich so manches Detail rund um die jeweilige Tollit\u00e4t. Im Mittelpunkt unseres Jahresorden steht auch dieses Jahr unsere Prinzessin. Der Jahresorden der Kampagne 2025\/2026 Wie [&hellip;]<\/p>\n","protected":false},"author":1,"featured_media":0,"parent":0,"menu_order":42,"comment_status":"closed","ping_status":"closed","template":"","meta":{"ngg_post_thumbnail":0,"footnotes":""},"categories":[13,31],"tags":[],"class_list":["post-4134","page","type-page","status-publish","hentry","category-jahresorden","category-kampagne-2025-2026"],"_links":{"self":[{"href":"https:\/\/kv-uno-waldsee.de\/index.php?rest_route=\/wp\/v2\/pages\/4134","targetHints":{"allow":["GET"]}}],"collection":[{"href":"https:\/\/kv-uno-waldsee.de\/index.php?rest_route=\/wp\/v2\/pages"}],"about":[{"href":"https:\/\/kv-uno-waldsee.de\/index.php?rest_route=\/wp\/v2\/types\/page"}],"author":[{"embeddable":true,"href":"https:\/\/kv-uno-waldsee.de\/index.php?rest_route=\/wp\/v2\/users\/1"}],"replies":[{"embeddable":true,"href":"https:\/\/kv-uno-waldsee.de\/index.php?rest_route=%2Fwp%2Fv2%2Fcomments&post=4134"}],"version-history":[{"count":6,"href":"https:\/\/kv-uno-waldsee.de\/index.php?rest_route=\/wp\/v2\/pages\/4134\/revisions"}],"predecessor-version":[{"id":4184,"href":"https:\/\/kv-uno-waldsee.de\/index.php?rest_route=\/wp\/v2\/pages\/4134\/revisions\/4184"}],"wp:attachment":[{"href":"https:\/\/kv-uno-waldsee.de\/index.php?rest_route=%2Fwp%2Fv2%2Fmedia&parent=4134"}],"wp:term":[{"taxonomy":"category","embeddable":true,"href":"https:\/\/kv-uno-waldsee.de\/index.php?rest_route=%2Fwp%2Fv2%2Fcategories&post=4134"},{"taxonomy":"post_tag","embeddable":true,"href":"https:\/\/kv-uno-waldsee.de\/index.php?rest_route=%2Fwp%2Fv2%2Ftags&post=4134"}],"curies":[{"name":"wp","href":"https:\/\/api.w.org\/{rel}","templated":true}]}}