{"id":2368,"date":"2023-02-13T13:16:20","date_gmt":"2023-02-13T12:16:20","guid":{"rendered":"http:\/\/neu2020.kv-uno-waldsee.de\/?page_id=2368"},"modified":"2023-02-13T13:16:49","modified_gmt":"2023-02-13T12:16:49","slug":"sonderorden","status":"publish","type":"page","link":"https:\/\/kv-uno-waldsee.de\/?page_id=2368","title":{"rendered":"Sonderorden"},"content":{"rendered":"<p style=\"text-align: justify;\"><span style=\"color: #000000;\">Der <strong>\u201cUNO Sonderorden\u201d<\/strong> am blauen Bande ist eine vereinsinterne Auszeichnung an aktive Fasnachter. Den \u201cUNO Sonderorden\u201d erh\u00e4lt in jedem Jahr ein aktives Mitglied der UNO, das sich \u00fcber Jahre hinweg \u00fcber seine \u201enormale\u201c T\u00e4tigkeit hinaus f\u00fcr den Verein verdient gemacht hat. Ausnahmen an der Anzahl zu ehrenden Personen wurden nach dem Bau der Narrhalla gemacht, und wenn sich ein Ehepaar gemeinsam dieses Ordens w\u00fcrdig erwiesen hat. Verliehen wird der Orden in der Regel zu Beginn der ersten Prunksitzung. Allerdings kann es aus unterschiedlichsten Gr\u00fcnden zu Verschiebungen kommen. Wer den Sonderorden erh\u00e4lt, ist nur einem kleinen Kreis vorher bekannt.<\/span><br \/>\n<span style=\"color: #000000;\">Schon vor diesem Sonderorden gab es andere Ausgaben. So zum 20-j\u00e4hrigen und zum 30-j\u00e4hrigen Jubil\u00e4ums der UNO. Die Bilder dieser Orden befinden sich am Ende unterhalb der Ordenstr\u00e4ger.<\/span><\/p>\n<p><strong><span style=\"color: #000000;\">Die Tr\u00e4ger des UNO Sonderorden (in alphabetischer Reihenfolge)<\/span><\/strong><\/p>\n\n<table id=\"tablepress-19\" class=\"tablepress tablepress-id-19\">\n<thead>\n<tr class=\"row-1\">\n\t<td class=\"column-1\"><\/td>\n<\/tr>\n<\/thead>\n<tbody class=\"row-striping row-hover\">\n<tr class=\"row-2\">\n\t<td class=\"column-1\">Bleifeld Werner <\/td>\n<\/tr>\n<tr class=\"row-3\">\n\t<td class=\"column-1\">Effler Friedrich <\/td>\n<\/tr>\n<tr class=\"row-4\">\n\t<td class=\"column-1\">Effler Kurt <\/td>\n<\/tr>\n<tr class=\"row-5\">\n\t<td class=\"column-1\">Erbach Matthias<\/td>\n<\/tr>\n<tr class=\"row-6\">\n\t<td class=\"column-1\">Erbach Vera <\/td>\n<\/tr>\n<tr class=\"row-7\">\n\t<td class=\"column-1\">Giorgi Mary<\/td>\n<\/tr>\n<tr class=\"row-8\">\n\t<td class=\"column-1\">Gruber J\u00fcrgen <\/td>\n<\/tr>\n<tr class=\"row-9\">\n\t<td class=\"column-1\">Hahn Jutta <\/td>\n<\/tr>\n<tr class=\"row-10\">\n\t<td class=\"column-1\">Hoffelder G\u00fcnter <\/td>\n<\/tr>\n<tr class=\"row-11\">\n\t<td class=\"column-1\">Hofmann Alex <\/td>\n<\/tr>\n<tr class=\"row-12\">\n\t<td class=\"column-1\">Jantz Ernst<\/td>\n<\/tr>\n<tr class=\"row-13\">\n\t<td class=\"column-1\">Ke\u00dfler Elke <\/td>\n<\/tr>\n<tr class=\"row-14\">\n\t<td class=\"column-1\">Ke\u00dfer Ulrike <\/td>\n<\/tr>\n<tr class=\"row-15\">\n\t<td class=\"column-1\">Keller R\u00fcdiger<\/td>\n<\/tr>\n<tr class=\"row-16\">\n\t<td class=\"column-1\">Knittel Bernhard <\/td>\n<\/tr>\n<tr class=\"row-17\">\n\t<td class=\"column-1\">Kochner Fritz <\/td>\n<\/tr>\n<tr class=\"row-18\">\n\t<td class=\"column-1\">Kramer Klaus <\/td>\n<\/tr>\n<tr class=\"row-19\">\n\t<td class=\"column-1\">Kripp Edgar <\/td>\n<\/tr>\n<tr class=\"row-20\">\n\t<td class=\"column-1\">Krieg Sabine <\/td>\n<\/tr>\n<tr class=\"row-21\">\n\t<td class=\"column-1\">Krug Ralf <\/td>\n<\/tr>\n<tr class=\"row-22\">\n\t<td class=\"column-1\">Krug Karl-Heinz <\/td>\n<\/tr>\n<tr class=\"row-23\">\n\t<td class=\"column-1\">Mayer Thomas <\/td>\n<\/tr>\n<tr class=\"row-24\">\n\t<td class=\"column-1\">Netter Angela <\/td>\n<\/tr>\n<tr class=\"row-25\">\n\t<td class=\"column-1\">Netter J\u00fcrgen <\/td>\n<\/tr>\n<tr class=\"row-26\">\n\t<td class=\"column-1\">Nieser Alois <\/td>\n<\/tr>\n<tr class=\"row-27\">\n\t<td class=\"column-1\">Nieser Elke <\/td>\n<\/tr>\n<tr class=\"row-28\">\n\t<td class=\"column-1\">Regenauer Maike<\/td>\n<\/tr>\n<tr class=\"row-29\">\n\t<td class=\"column-1\">Rennholz Bettina<\/td>\n<\/tr>\n<tr class=\"row-30\">\n\t<td class=\"column-1\">Rennholz Fred<\/td>\n<\/tr>\n<tr class=\"row-31\">\n\t<td class=\"column-1\">Salewski G\u00fcnter <\/td>\n<\/tr>\n<tr class=\"row-32\">\n\t<td class=\"column-1\">Sattel Rainer <\/td>\n<\/tr>\n<tr class=\"row-33\">\n\t<td class=\"column-1\">Sattel Willi <\/td>\n<\/tr>\n<tr class=\"row-34\">\n\t<td class=\"column-1\">Schehl Herbert <\/td>\n<\/tr>\n<tr class=\"row-35\">\n\t<td class=\"column-1\">Schehl Lilly <\/td>\n<\/tr>\n<tr class=\"row-36\">\n\t<td class=\"column-1\">Schmelz Sascha <\/td>\n<\/tr>\n<tr class=\"row-37\">\n\t<td class=\"column-1\">Schmitt Gerda <\/td>\n<\/tr>\n<tr class=\"row-38\">\n\t<td class=\"column-1\">Schmitt Erwin <\/td>\n<\/tr>\n<tr class=\"row-39\">\n\t<td class=\"column-1\">Schotth\u00f6fer Edwin <\/td>\n<\/tr>\n<tr class=\"row-40\">\n\t<td class=\"column-1\">Schotth\u00f6fer Thomas <\/td>\n<\/tr>\n<tr class=\"row-41\">\n\t<td class=\"column-1\">Schuff Rudi <\/td>\n<\/tr>\n<tr class=\"row-42\">\n\t<td class=\"column-1\">Th\u00f6nnes Matthias <\/td>\n<\/tr>\n<tr class=\"row-43\">\n\t<td class=\"column-1\">Volland Franz <\/td>\n<\/tr>\n<tr class=\"row-44\">\n\t<td class=\"column-1\">Volland Karl <\/td>\n<\/tr>\n<tr class=\"row-45\">\n\t<td class=\"column-1\">Wagner Hans <\/td>\n<\/tr>\n<tr class=\"row-46\">\n\t<td class=\"column-1\">Zickgraf Anita <\/td>\n<\/tr>\n<tr class=\"row-47\">\n\t<td class=\"column-1\">Zickgraf Reinhard <\/td>\n<\/tr>\n<tr class=\"row-48\">\n\t<td class=\"column-1\">Zickgraf Rudolf <\/td>\n<\/tr>\n<tr class=\"row-49\">\n\t<td class=\"column-1\">Zinser Fritz <\/td>\n<\/tr>\n<tr class=\"row-50\">\n\t<td class=\"column-1\">Zinser Jochen<\/td>\n<\/tr>\n<\/tbody>\n<\/table>\n<!-- #tablepress-19 from cache -->\n","protected":false},"excerpt":{"rendered":"<p>Der \u201cUNO Sonderorden\u201d am blauen Bande ist eine vereinsinterne Auszeichnung an aktive Fasnachter. Den \u201cUNO Sonderorden\u201d erh\u00e4lt in jedem Jahr ein aktives Mitglied der UNO, das sich \u00fcber Jahre hinweg \u00fcber seine \u201enormale\u201c T\u00e4tigkeit hinaus f\u00fcr den Verein verdient gemacht hat. Ausnahmen an der Anzahl zu ehrenden Personen wurden nach dem Bau der Narrhalla gemacht, [&hellip;]<\/p>\n","protected":false},"author":1,"featured_media":0,"parent":0,"menu_order":0,"comment_status":"closed","ping_status":"closed","template":"","meta":{"ngg_post_thumbnail":0,"footnotes":""},"categories":[],"tags":[],"class_list":["post-2368","page","type-page","status-publish","hentry"],"_links":{"self":[{"href":"https:\/\/kv-uno-waldsee.de\/index.php?rest_route=\/wp\/v2\/pages\/2368","targetHints":{"allow":["GET"]}}],"collection":[{"href":"https:\/\/kv-uno-waldsee.de\/index.php?rest_route=\/wp\/v2\/pages"}],"about":[{"href":"https:\/\/kv-uno-waldsee.de\/index.php?rest_route=\/wp\/v2\/types\/page"}],"author":[{"embeddable":true,"href":"https:\/\/kv-uno-waldsee.de\/index.php?rest_route=\/wp\/v2\/users\/1"}],"replies":[{"embeddable":true,"href":"https:\/\/kv-uno-waldsee.de\/index.php?rest_route=%2Fwp%2Fv2%2Fcomments&post=2368"}],"version-history":[{"count":2,"href":"https:\/\/kv-uno-waldsee.de\/index.php?rest_route=\/wp\/v2\/pages\/2368\/revisions"}],"predecessor-version":[{"id":2370,"href":"https:\/\/kv-uno-waldsee.de\/index.php?rest_route=\/wp\/v2\/pages\/2368\/revisions\/2370"}],"wp:attachment":[{"href":"https:\/\/kv-uno-waldsee.de\/index.php?rest_route=%2Fwp%2Fv2%2Fmedia&parent=2368"}],"wp:term":[{"taxonomy":"category","embeddable":true,"href":"https:\/\/kv-uno-waldsee.de\/index.php?rest_route=%2Fwp%2Fv2%2Fcategories&post=2368"},{"taxonomy":"post_tag","embeddable":true,"href":"https:\/\/kv-uno-waldsee.de\/index.php?rest_route=%2Fwp%2Fv2%2Ftags&post=2368"}],"curies":[{"name":"wp","href":"https:\/\/api.w.org\/{rel}","templated":true}]}}