{"id":1434,"date":"2020-11-14T10:29:06","date_gmt":"2020-11-14T10:29:06","guid":{"rendered":"http:\/\/neu2020.kv-uno-waldsee.de\/?page_id=1434"},"modified":"2021-04-06T14:50:36","modified_gmt":"2021-04-06T14:50:36","slug":"prunksitzungen-in-corona-zeiten","status":"publish","type":"page","link":"https:\/\/kv-uno-waldsee.de\/?page_id=1434","title":{"rendered":"Prunksitzungen &#8222;deh\u00e4m gucke&#8220;"},"content":{"rendered":"<p style=\"text-align: justify;\"><strong><span style=\"color: #000000;\">Wir w\u00fcnschen euch allen viel Spa\u00df bei der Zeitreise durch 31 Jahre Prunksitzungen.<\/span><\/strong><\/p>\n<!-- HTML Forms v1.6.3 - https:\/\/wordpress.org\/plugins\/html-forms\/ -->\n<form method=\"post\"  class=\"hf-form hf-form-1464 \" data-id=\"1464\" data-title=\"Online Prunksitzung Playlist\" data-slug=\"online-prunksitzung-playlist\" data-message-success=\"Thank you! We will be in touch soon.\" data-message-invalid-email=\"Sorry, that email address looks invalid.\" data-message-required-field-missing=\"Please fill in the required fields.\" data-message-error=\"Oops. An error occurred.\" data-message-recaptcha-failed=\"reCAPTCHA verification failed. Please try again.\" data-message-recaptcha-low-score=\"Your submission appears to be spam. Please try again.\"><input type=\"hidden\" name=\"_hf_form_id\" value=\"1464\" \/><div style=\"display: none;\"><input type=\"text\" name=\"_hf_h1464\" value=\"\" \/><\/div><div class=\"hf-fields-wrap\"><iframe loading=\"lazy\" width=\"560\" height=\"315\" src=\"https:\/\/www.youtube.com\/embed\/videoseries?list=PLWpVUcjDHy1ingdRiDIH2svLiskod2l89\" frameborder=\"0\" allow=\"accelerometer; autoplay; clipboard-write; encrypted-media; gyroscope; picture-in-picture\" allowfullscreen><\/iframe><noscript>Damit dieses Formular funktioniert bitte JavaScript aktivieren.<\/noscript><\/div><\/form><!-- \/ HTML Forms -->\n<p><span style=\"color: #000000;\">Die Ausstrahlung (Freischaltung) erfolgt an den folgenden Terminen<\/span><\/p>\n<ul>\n<li><span style=\"color: #000000;\">22.01.2021 ab 19:15 Uhr (1987 &#8211; 1993)<\/span><\/li>\n<li><span style=\"color: #000000;\">23.01.2021 ab 19:15 Uhr (1994 &#8211; 1999)<\/span><\/li>\n<li><span style=\"color: #000000;\">29.01.2021 ab 19:15 Uhr (2000 &#8211; 2005)<\/span><\/li>\n<li><span style=\"color: #000000;\">30.01.2021 ab 19:15 Uhr (2006 &#8211; 2011)<\/span><\/li>\n<li><span style=\"color: #000000;\">06.02.2021 ab 19:15 Uhr (2012 &#8211; 2018)<\/span><\/li>\n<\/ul>\n<p>Ihr k\u00f6nnt die Playlist der Prunksitzungen mit dem folgenden Youtube Link starten<\/p>\n\n<table id=\"tablepress-15\" class=\"tablepress tablepress-id-15\">\n<tbody>\n<tr class=\"row-1\">\n\t<td class=\"column-1\"><strong><a href=\"http:\/\/youtube.kv-uno-waldsee.de\" rel=\"noopener noreferrer\" target=\"_blank\">Link zur Playlist auf Youtube<\/a><\/strong><\/td>\n<\/tr>\n<tr class=\"row-2\">\n\t<td class=\"column-1\"><strong><a href=\"https:\/\/youtu.be\/h_MBpVkMmY0\" rel=\"noopener noreferrer\" target=\"_blank\">Link zur 5. Prunksitzung auf Youtube<\/a><\/strong><br \/>\n<br \/>\nUnd als Zugabe die Purzelgarde bei den Prunksitzungen 2019 und 2020<br \/>\n<br \/>\n<strong><a href=\"https:\/\/youtu.be\/ZvWOF07pLdA\" rel=\"noopener noreferrer\" target=\"_blank\">Link zur Purzelgarde auf Youtube<\/a><\/strong><br \/>\n<\/td>\n<\/tr>\n<\/tbody>\n<\/table>\n\n<p>Die jeweilige Prunksitzung wird ab 19:15 Uhr freigeschaltet und bleibt 24 Stunden aktiv.<\/p>\n<p>Hier ein kleiner Hinweis: Leider ist die Bild- und Tonqualit\u00e4t in den ersten Jahren nicht besonders gut. Wir bitten um Verst\u00e4ndnis.&nbsp;<\/p>\n<hr>\n<p><span style=\"color: #000000;\">Wir haben aber nicht nur f\u00fcr das Auge und das Ohr was vorbereitet. Nein, auch f\u00fcr das leibliche Wohl haben wir f\u00fcr euch vorgesorgt.<\/span><\/p>\n<p><strong><span style=\"color: #000000;\">Holt euch p\u00fcnktlich zu den virtuelle Sitzungen die UNO Woi- oder Bier Dutt<\/span><\/strong><\/p>\n<table style=\"border-collapse: collapse; width: 100%;\">\n<tbody>\n<tr>\n<td style=\"width: 50%; text-align: left;\"><span style=\"color: #ff0000;\"><strong><span style=\"font-size: 14pt;\">Woi Dutt<\/span><\/strong><\/span><\/td>\n<td style=\"width: 50%; text-align: left;\"><span style=\"color: #ff0000;\"><strong><span style=\"font-size: 14pt;\">Bier Dutt<\/span><\/strong><\/span><\/td>\n<\/tr>\n<tr>\n<td style=\"width: 50%; text-align: left;\"><span style=\"font-size: 12pt; color: #000000;\">Preis: 18\u20ac pro Dutt<\/span><\/td>\n<td style=\"width: 50%; text-align: left;\"><span style=\"font-size: 12pt; color: #000000;\">Preis: 18\u20ac pro Dutt<\/span><\/td>\n<\/tr>\n<tr>\n<td style=\"width: 50%;\">\n<div class=\"\"><span style=\"font-size: 12pt; color: #000000;\">1 x Forster Riesling (1l)<\/span><\/div>\n<div class=\"\"><span style=\"font-size: 12pt; color: #000000;\">1 Flasche Mineralwasser<\/span><\/div>\n<div class=\"\"><span style=\"font-size: 12pt; color: #000000;\">1 x Dosenwurst von Wurstwerk Krieger<\/span><\/div>\n<div class=\"\"><span style=\"font-size: 12pt; color: #000000;\">1 x kleines Brot von der Konditorei Christmann<\/span><\/div>\n<div class=\"\"><span style=\"font-size: 12pt; color: #000000;\">1 x UNO Dubbeglas<\/span><\/div>\n<\/td>\n<td style=\"width: 50%;\">\n<div class=\"\"><span style=\"font-size: 12pt; color: #000000;\">6 x 0,33 ltr Keller Bier vom Mayer Br\u00e4u<\/span><\/div>\n<div class=\"\"><span style=\"font-size: 12pt; color: #000000;\">1 x Dosenwurst vom Wurstwerk Krieger<\/span><\/div>\n<div class=\"\"><span style=\"font-size: 12pt; color: #000000;\">1 x kleines Brot von der Konditorei Christmann<\/span><\/div>\n<div class=\"\"><span style=\"font-size: 12pt; color: #000000;\">1 x UNO Bierglas<\/span><\/div>\n<\/td>\n<\/tr>\n<\/tbody>\n<\/table>\n<div><span style=\"color: #ff0000;\"><strong>Mettbowl<\/strong><\/span><br \/>\n500 gr. frisches Schweinemett von Wurstwerk Krieger<br \/>\nPreis: 6\u20ac<\/div>\n<div>&nbsp;<\/div>\n<div class=\"\"><span style=\"color: #000000;\">Diese Verpflegungspakete k\u00f6nnen unter der folgenden Mailadresse bestellt werden:<\/span><\/div>\n<div>&nbsp;<\/div>\n<div><a href=\"mailto:Dutt@KV-UNO-Waldsee.de\"><span style=\"color: #000000;\"><span style=\"color: #0000ff;\"><strong>Dutt@KV-UNO-Waldsee.de<\/strong><\/span><\/span><\/a><\/div>\n<div>&nbsp;<\/div>\n<div><span style=\"color: #000000;\">Bei der Bestellung per Mail bitte <strong><span style=\"text-decoration: underline;\">unbedingt<\/span> <\/strong>angeben.<\/span><\/div>\n<div><span style=\"color: #000000;\">1. Name<\/span><\/div>\n<div><span style=\"color: #000000;\">2. Woi Dutt oder Bier Dutt?<\/span><\/div>\n<div><span style=\"color: #000000;\">3. Anzahl Dutte<\/span><\/div>\n<div><span style=\"color: #000000;\">4. F\u00fcr welchen Abgabetermin wird bestellt (Termine siehe unten)<\/span><\/div>\n<div class=\"\">&nbsp;<\/div>\n<div class=\"\"><span style=\"color: #000000;\">oder telefonisch unter&nbsp;<\/span><\/div>\n<p><span style=\"color: #000000;\"><strong>06236\/53752<\/strong><\/span><\/p>\n<p><span style=\"color: #000000;\"><strong>Ausgabe der &#8222;Dutte&#8220;<\/strong><\/span><\/p>\n<ul>\n<li><span style=\"color: #000000;\">1.und 2. Prunksitzung am 22.01.2021 in der Narrhalla von 14:00-17:00 Uhr<\/span><\/li>\n<li><span style=\"color: #000000;\">3.und 4. Prunksitzung am 29.01.2021 in der Narrhalla von 14:00-17:00 Uhr&nbsp;<\/span><\/li>\n<li><span style=\"color: #000000;\">5. Sitzung am 06.02.2021 in der Narrhalla von 14:00-17:00 Uhr.<\/span><\/li>\n<\/ul>\n<hr>\n<p><span style=\"color: #000000;\">Wir w\u00fcrden uns sehr dar\u00fcber freuen, wenn wir bei euch &#8222;deh\u00e4m&#8220; mit dabei sein k\u00f6nnten. Seid ihr geschminkt, verkleidet oder was auch immer? Wie ist die Stimmung?<\/span><\/p>\n<p><span style=\"text-decoration: underline;\"><span style=\"color: #000000; text-decoration: underline;\">Schickt uns doch einfach ein Foto an folgende Adresse:<\/span><\/span><\/p>\n<p><span style=\"color: #0000ff;\"><strong><a style=\"color: #0000ff;\" href=\"mailto:Bilder@kv-uno-waldsee.de\">Bilder@kv-uno-waldsee.de<\/a><\/strong><\/span><\/p>\n<p><span style=\"color: #000000;\">Wir werden die Bilder dann hier auf der Homepage ver\u00f6ffentlichen. Nat\u00fcrlich k\u00f6nnt ihr auch direkt auf Facebook die Bilder posten.<\/span><\/p>\n<p><span style=\"color: #ff0000;\">(Kleiner rechtlicher Hinweis: Mit dem Einsenden von Fotos gebt ihr uns die Erlaubnis, diese auf der Homepage und in sozialen Netzwerken wie Facebook zu ver\u00f6ffentlichen)<\/span><\/p>\n<hr>\nngg_shortcode_0_placeholder\n<p>&nbsp;<\/p>\n<p>&nbsp;<\/p>\n<p>&nbsp;<\/p>\n","protected":false},"excerpt":{"rendered":"<p>Wir w\u00fcnschen euch allen viel Spa\u00df bei der Zeitreise durch 31 Jahre Prunksitzungen. Die Ausstrahlung (Freischaltung) erfolgt an den folgenden Terminen 22.01.2021 ab 19:15 Uhr (1987 &#8211; 1993) 23.01.2021 ab 19:15 Uhr (1994 &#8211; 1999) 29.01.2021 ab 19:15 Uhr (2000 &#8211; 2005) 30.01.2021 ab 19:15 Uhr (2006 &#8211; 2011) 06.02.2021 ab 19:15 Uhr (2012 &#8211; [&hellip;]<\/p>\n","protected":false},"author":1,"featured_media":0,"parent":0,"menu_order":0,"comment_status":"closed","ping_status":"closed","template":"","meta":{"ngg_post_thumbnail":0,"footnotes":""},"categories":[17],"tags":[],"class_list":["post-1434","page","type-page","status-publish","hentry","category-youtube"],"_links":{"self":[{"href":"https:\/\/kv-uno-waldsee.de\/index.php?rest_route=\/wp\/v2\/pages\/1434","targetHints":{"allow":["GET"]}}],"collection":[{"href":"https:\/\/kv-uno-waldsee.de\/index.php?rest_route=\/wp\/v2\/pages"}],"about":[{"href":"https:\/\/kv-uno-waldsee.de\/index.php?rest_route=\/wp\/v2\/types\/page"}],"author":[{"embeddable":true,"href":"https:\/\/kv-uno-waldsee.de\/index.php?rest_route=\/wp\/v2\/users\/1"}],"replies":[{"embeddable":true,"href":"https:\/\/kv-uno-waldsee.de\/index.php?rest_route=%2Fwp%2Fv2%2Fcomments&post=1434"}],"version-history":[{"count":45,"href":"https:\/\/kv-uno-waldsee.de\/index.php?rest_route=\/wp\/v2\/pages\/1434\/revisions"}],"predecessor-version":[{"id":1543,"href":"https:\/\/kv-uno-waldsee.de\/index.php?rest_route=\/wp\/v2\/pages\/1434\/revisions\/1543"}],"wp:attachment":[{"href":"https:\/\/kv-uno-waldsee.de\/index.php?rest_route=%2Fwp%2Fv2%2Fmedia&parent=1434"}],"wp:term":[{"taxonomy":"category","embeddable":true,"href":"https:\/\/kv-uno-waldsee.de\/index.php?rest_route=%2Fwp%2Fv2%2Fcategories&post=1434"},{"taxonomy":"post_tag","embeddable":true,"href":"https:\/\/kv-uno-waldsee.de\/index.php?rest_route=%2Fwp%2Fv2%2Ftags&post=1434"}],"curies":[{"name":"wp","href":"https:\/\/api.w.org\/{rel}","templated":true}]}}