{"id":1178,"date":"2020-07-29T07:38:09","date_gmt":"2020-07-29T07:38:09","guid":{"rendered":"http:\/\/neu2020.kv-uno-waldsee.de\/?page_id=1178"},"modified":"2025-11-10T10:43:37","modified_gmt":"2025-11-10T09:43:37","slug":"purzelgarde-4-2-2","status":"publish","type":"page","link":"https:\/\/kv-uno-waldsee.de\/?page_id=1178","title":{"rendered":"M\u00e4nnerballett"},"content":{"rendered":"<p dir=\"ltr\"><span style=\"color: #000000;\">ngg_shortcode_0_placeholder<\/span><\/p>\n<p style=\"text-align: justify;\"><span style=\"font-weight: 400; color: #000000;\">Das UNO-M\u00e4nnerballett ist eine der \u00e4ltesten Tanzformationen im Verein. Gegr\u00fcndet im Jahre 1972. Das hei\u00dft aber nicht automatisch, dass hier nur lauter alte M\u00e4nner ihre m\u00fcden Knochen \u00fcber die Tanzfl\u00e4che schleppen. In den letzten Jahrzehnten (so alt sind sie wirklich!!) wechselten st\u00e4ndig die Mitglieder. \u201cJung\u201d ersetzt \u201cAlt\u201d, wenn man es mal so ausdr\u00fccken will. Da dies ein immerw\u00e4hrender, schleichender Prozess war, konnten die Nachr\u00fccker auf die Erfahrungen ihrer Vorg\u00e4nger zur\u00fcckgreifen, was sich jedes Jahr bei den Prunksitzungen der UNO bemerkbar macht. Nicht mehr wegzudenken ist die Formation im Programm der Prunksitzung. Man braucht sicherlich nicht zu erw\u00e4hnen, dass es sehr schwer ist, ein solches Niveau zu halten und jede Kampagne einen neuen Tanz einzustudieren und \u2013 was sehr wichtig ist \u2013 die Kost\u00fcme dazu zu entwerfen und anzufertigen (Stangenware ist f\u00fcr manche Konfektionsgr\u00f6\u00dfe nur sehr schwer zu bekommen).&nbsp;<\/span><\/p>\n<p style=\"text-align: justify;\"><span style=\"color: #000000;\"><b>Das M\u00e4nnerballett umfasst folgende 17 Mitglieder<\/b><span style=\"font-weight: 400;\">: Alex Krieger, Christian Gropp, Christoph Wagner, Daniel Haselberger, Daniell Weber, David Knorr, Felix Sch\u00f6pf, Henry M\u00fcller, Markus Hofmann, Oli Hauck, Patrick Stahl, Philipp Weltner, Sven Claus, Sven Th\u00f6nnes, Thorsten Sch\u00f6nemann, Thorsten Volland, Thomas Hauser<\/span><\/span><\/p>\n<ul style=\"text-align: justify;\">\n<li style=\"font-weight: 400;\" aria-level=\"1\"><span style=\"color: #000000;\"><b>Trainerinnen:<\/b><span style=\"font-weight: 400;\"> Sandra M\u00fcller und Nadine Hahn<\/span><\/span><\/li>\n<li style=\"font-weight: 400;\" aria-level=\"1\"><span style=\"color: #000000;\"><b>Kost\u00fcm-, Schmink- und Orga Team:<\/b><span style=\"font-weight: 400;\"> Alina Knittel, Eli Laubach, Iris Regenauer, Julia Sch\u00f6pf und Peter Balbach<\/span><\/span><\/li>\n<\/ul>\n<p dir=\"ltr\" style=\"text-align: justify;\">&nbsp;<\/p>\n","protected":false},"excerpt":{"rendered":"<p>Das UNO-M\u00e4nnerballett ist eine der \u00e4ltesten Tanzformationen im Verein. Gegr\u00fcndet im Jahre 1972. Das hei\u00dft aber nicht automatisch, dass hier nur lauter alte M\u00e4nner ihre m\u00fcden Knochen \u00fcber die Tanzfl\u00e4che schleppen. In den letzten Jahrzehnten (so alt sind sie wirklich!!) wechselten st\u00e4ndig die Mitglieder. \u201cJung\u201d ersetzt \u201cAlt\u201d, wenn man es mal so ausdr\u00fccken will. Da [&hellip;]<\/p>\n","protected":false},"author":1,"featured_media":0,"parent":0,"menu_order":1,"comment_status":"closed","ping_status":"closed","template":"","meta":{"ngg_post_thumbnail":0,"footnotes":""},"categories":[15],"tags":[],"class_list":["post-1178","page","type-page","status-publish","hentry","category-aktive"],"_links":{"self":[{"href":"https:\/\/kv-uno-waldsee.de\/index.php?rest_route=\/wp\/v2\/pages\/1178","targetHints":{"allow":["GET"]}}],"collection":[{"href":"https:\/\/kv-uno-waldsee.de\/index.php?rest_route=\/wp\/v2\/pages"}],"about":[{"href":"https:\/\/kv-uno-waldsee.de\/index.php?rest_route=\/wp\/v2\/types\/page"}],"author":[{"embeddable":true,"href":"https:\/\/kv-uno-waldsee.de\/index.php?rest_route=\/wp\/v2\/users\/1"}],"replies":[{"embeddable":true,"href":"https:\/\/kv-uno-waldsee.de\/index.php?rest_route=%2Fwp%2Fv2%2Fcomments&post=1178"}],"version-history":[{"count":5,"href":"https:\/\/kv-uno-waldsee.de\/index.php?rest_route=\/wp\/v2\/pages\/1178\/revisions"}],"predecessor-version":[{"id":4333,"href":"https:\/\/kv-uno-waldsee.de\/index.php?rest_route=\/wp\/v2\/pages\/1178\/revisions\/4333"}],"wp:attachment":[{"href":"https:\/\/kv-uno-waldsee.de\/index.php?rest_route=%2Fwp%2Fv2%2Fmedia&parent=1178"}],"wp:term":[{"taxonomy":"category","embeddable":true,"href":"https:\/\/kv-uno-waldsee.de\/index.php?rest_route=%2Fwp%2Fv2%2Fcategories&post=1178"},{"taxonomy":"post_tag","embeddable":true,"href":"https:\/\/kv-uno-waldsee.de\/index.php?rest_route=%2Fwp%2Fv2%2Ftags&post=1178"}],"curies":[{"name":"wp","href":"https:\/\/api.w.org\/{rel}","templated":true}]}}