{"id":1116,"date":"2020-07-28T14:02:36","date_gmt":"2020-07-28T14:02:36","guid":{"rendered":"http:\/\/neu2020.kv-uno-waldsee.de\/?page_id=1116"},"modified":"2023-05-17T07:04:25","modified_gmt":"2023-05-17T06:04:25","slug":"bdk-orden","status":"publish","type":"page","link":"https:\/\/kv-uno-waldsee.de\/?page_id=1116","title":{"rendered":"BDK-Orden"},"content":{"rendered":"<p style=\"text-align: justify;\"><span style=\"color: #000000;\"><strong>Was ist der \u201cBDK?<\/strong><\/span><\/p>\n<p style=\"text-align: justify;\"><span style=\"color: #000000;\"><a href=\"https:\/\/kv-uno-waldsee.de\/wp-content\/uploads\/2020\/07\/BDK.jpg\"><img loading=\"lazy\" decoding=\"async\" class=\"alignleft  wp-image-1117\" src=\"https:\/\/kv-uno-waldsee.de\/wp-content\/uploads\/2020\/07\/BDK-300x294.jpg\" alt=\"\" width=\"189\" height=\"185\" srcset=\"https:\/\/kv-uno-waldsee.de\/wp-content\/uploads\/2020\/07\/BDK-300x294.jpg 300w, https:\/\/kv-uno-waldsee.de\/wp-content\/uploads\/2020\/07\/BDK-240x235.jpg 240w, https:\/\/kv-uno-waldsee.de\/wp-content\/uploads\/2020\/07\/BDK.jpg 512w\" sizes=\"auto, (max-width: 189px) 100vw, 189px\" \/><\/a>Der <strong>B<\/strong>und <strong>D<\/strong>eutscher <strong>K<\/strong>arneval e. V. hat seinen Sitz in K\u00f6ln wurde am 24. Oktober 1953 im Kurf\u00fcrstlichen Schloss in Mainz gegr\u00fcndet. Er ist der Dachverband der deutschen Fastnachts- und Karnevalsvereine. Hauptzweck des Verbandes ist die \u201eF\u00f6rderung des karnevalistischen Brauchtums\u201c, was die F\u00f6rderung bei der Organisation karnevalistischer Sitzungen, des Stra\u00dfenkarnevals und der F\u00f6rderung&nbsp;des Karnevalsnachwuchses umfasst.&nbsp;Der Karneval ist in Deutschland in \u00e4hnlicher Weise strukturiert wie die Sportvereine, die in Stadt-und Kreisverb\u00e4nden sowie in Landesverb\u00e4nden bundesweit organisiert sind, doch steht jeder einzelne Verband f\u00fcr seine spezielle Art die n\u00e4rrische Zeit zu begehen. Diese Arten k\u00f6nnen sich zwar teilweise \u00fcberschneiden und \u00e4hneln sich zum Teil auch, haben aber oft verschiedene Urspr\u00fcnge.<\/span><\/p>\n<p style=\"text-align: justify;\"><span style=\"color: #000000;\"><strong>Was ist der \u201cBDK-Orden\u201d?&nbsp;<\/strong><\/span><\/p>\n<p style=\"text-align: justify;\"><span style=\"color: #000000;\">Der \u201cBDK-Orden\u201d ist die h\u00f6chste Auszeichnung des \u201cBund Deutscher Karneval\u201d mit Sitz in K\u00f6ln.<\/span><\/p>\n<p style=\"text-align: justify;\"><span style=\"color: #000000;\"><strong>Wer erh\u00e4lt den \u201cBDK-Orden\u201d in Gold?<\/strong><\/span><\/p>\n<p style=\"text-align: justify;\"><span style=\"color: #000000;\">Der Verdienstorden des BDK wird unter nachstehenden Voraussetzungen verliehen.<\/span><\/p>\n<ul style=\"text-align: justify;\">\n<li><span style=\"color: #000000;\">f\u00fcr 25-j\u00e4hrige ununterbrochene aktive T\u00e4tigkeit im Pr\u00e4sidium oder den Aussch\u00fcssen des BDK<\/span><\/li>\n<li><span style=\"color: #000000;\">f\u00fcr 25-j\u00e4hrige ununterbrochene aktive T\u00e4tigkeit im Vorstand eines Regionalverbandes<\/span><\/li>\n<li><span style=\"color: #000000;\">f\u00fcr 25-j\u00e4hrige ununterbrochene aktive T\u00e4tigkeit im Vorstand einer dem BDK angeschlossenen Gesellschaft<\/span><\/li>\n<li><span style=\"color: #000000;\">f\u00fcr 40-j\u00e4hige Mitgliedschaft in einer dem BDK angeschlossenen Gesellschaft.<\/span><\/li>\n<\/ul>\n<p style=\"text-align: justify;\"><span style=\"color: #000000;\"><strong>&nbsp;Wer erh\u00e4lt den \u201cBDK-Orden\u201d in Gold mit Brillant?<\/strong><\/span><\/p>\n<p style=\"text-align: justify;\"><span style=\"color: #000000;\">Der Verdienstorden des BDK mit Brillant wird unter nachstehenden Voraussetzungen verliehen.<\/span><\/p>\n<ul style=\"text-align: justify;\">\n<li><span style=\"color: #000000;\">&nbsp;f\u00fcr 40-j\u00e4hrige ununterbrochene aktive T\u00e4tigkeit im Pr\u00e4sidium oder den Aussch\u00fcssen des BDK<\/span><\/li>\n<li><span style=\"color: #000000;\">f\u00fcr 40-j\u00e4hrige ununterbrochene aktive T\u00e4tigkeit im Vorstand eines Regionalverbandes<\/span><\/li>\n<li><span style=\"color: #000000;\">f\u00fcr 40-j\u00e4hrige ununterbrochene aktive T\u00e4tigkeit im Vorstand einer dem BDK angeschlossenen Gesellschaft<\/span><\/li>\n<li><span style=\"color: #000000;\">f\u00fcr 50-j\u00e4hrige Mitgliedschaft in einer dem BDK angeschlossenen Gesellschaft.<\/span><\/li>\n<\/ul>\n<p style=\"text-align: justify;\"><span style=\"color: #000000;\"><strong>&nbsp;Unsere BDK-Tr\u00e4ger&nbsp;<\/strong>(in alphabetischer Reihenfolge)<\/span><\/p>\n<p style=\"text-align: justify;\">\n<table id=\"tablepress-13\" class=\"tablepress tablepress-id-13\">\n<thead>\n<tr class=\"row-1\">\n\t<th class=\"column-1\"><strong>Lfd. Nummer<\/strong><\/th><th class=\"column-2\"><strong>Ordenstr\u00e4ger<\/strong><\/th>\n<\/tr>\n<\/thead>\n<tbody class=\"row-striping row-hover\">\n<tr class=\"row-2\">\n\t<td class=\"column-1\">1<\/td><td class=\"column-2\">Bleifeld Werner<\/td>\n<\/tr>\n<tr class=\"row-3\">\n\t<td class=\"column-1\">2<\/td><td class=\"column-2\">Effler Fritz<\/td>\n<\/tr>\n<tr class=\"row-4\">\n\t<td class=\"column-1\">3<\/td><td class=\"column-2\">Effler Kurt<\/td>\n<\/tr>\n<tr class=\"row-5\">\n\t<td class=\"column-1\">4<\/td><td class=\"column-2\">Erbach Matthias<\/td>\n<\/tr>\n<tr class=\"row-6\">\n\t<td class=\"column-1\">5<\/td><td class=\"column-2\">Erbach Vera<\/td>\n<\/tr>\n<tr class=\"row-7\">\n\t<td class=\"column-1\">6<\/td><td class=\"column-2\">Esswein Klaus<\/td>\n<\/tr>\n<tr class=\"row-8\">\n\t<td class=\"column-1\">7<\/td><td class=\"column-2\">Frombold Hans<\/td>\n<\/tr>\n<tr class=\"row-9\">\n\t<td class=\"column-1\">8<\/td><td class=\"column-2\">Giorgi Mary<\/td>\n<\/tr>\n<tr class=\"row-10\">\n\t<td class=\"column-1\">9<\/td><td class=\"column-2\">Gruber J\u00fcrgen<\/td>\n<\/tr>\n<tr class=\"row-11\">\n\t<td class=\"column-1\">10<\/td><td class=\"column-2\">Hadey Robert<\/td>\n<\/tr>\n<tr class=\"row-12\">\n\t<td class=\"column-1\">11<\/td><td class=\"column-2\">Hoffelder G\u00fcnter<\/td>\n<\/tr>\n<tr class=\"row-13\">\n\t<td class=\"column-1\">12<\/td><td class=\"column-2\">Jantz Ernst<\/td>\n<\/tr>\n<tr class=\"row-14\">\n\t<td class=\"column-1\">13<\/td><td class=\"column-2\">Kochner Fritz<\/td>\n<\/tr>\n<tr class=\"row-15\">\n\t<td class=\"column-1\">14<\/td><td class=\"column-2\">Kramer Klaus<\/td>\n<\/tr>\n<tr class=\"row-16\">\n\t<td class=\"column-1\">15<\/td><td class=\"column-2\">Krieg Klaus<\/td>\n<\/tr>\n<tr class=\"row-17\">\n\t<td class=\"column-1\">16<\/td><td class=\"column-2\">Kripp Edgar<\/td>\n<\/tr>\n<tr class=\"row-18\">\n\t<td class=\"column-1\">17<\/td><td class=\"column-2\">Krug Karl-Heinz<\/td>\n<\/tr>\n<tr class=\"row-19\">\n\t<td class=\"column-1\">18<\/td><td class=\"column-2\">Krug Ralf<\/td>\n<\/tr>\n<tr class=\"row-20\">\n\t<td class=\"column-1\">19<\/td><td class=\"column-2\">Lutz Dieter<\/td>\n<\/tr>\n<tr class=\"row-21\">\n\t<td class=\"column-1\">20<\/td><td class=\"column-2\">Mayer Heinz<\/td>\n<\/tr>\n<tr class=\"row-22\">\n\t<td class=\"column-1\">21<\/td><td class=\"column-2\">Mayer Thomas<\/td>\n<\/tr>\n<tr class=\"row-23\">\n\t<td class=\"column-1\">22<\/td><td class=\"column-2\">Mironow Tanja<\/td>\n<\/tr>\n<tr class=\"row-24\">\n\t<td class=\"column-1\">23<\/td><td class=\"column-2\">Netter J\u00fcrgen<\/td>\n<\/tr>\n<tr class=\"row-25\">\n\t<td class=\"column-1\">24<\/td><td class=\"column-2\">Nieser Alois<\/td>\n<\/tr>\n<tr class=\"row-26\">\n\t<td class=\"column-1\">25<\/td><td class=\"column-2\">Rohr Emil<\/td>\n<\/tr>\n<tr class=\"row-27\">\n\t<td class=\"column-1\">26<\/td><td class=\"column-2\">Rennholz Bettina<\/td>\n<\/tr>\n<tr class=\"row-28\">\n\t<td class=\"column-1\">27<\/td><td class=\"column-2\">Salewski G\u00fcnter<\/td>\n<\/tr>\n<tr class=\"row-29\">\n\t<td class=\"column-1\">28<\/td><td class=\"column-2\">Sattel Gertrud<\/td>\n<\/tr>\n<tr class=\"row-30\">\n\t<td class=\"column-1\">29<\/td><td class=\"column-2\">Sattel Rainer<\/td>\n<\/tr>\n<tr class=\"row-31\">\n\t<td class=\"column-1\">30<\/td><td class=\"column-2\">Sattel Willi<\/td>\n<\/tr>\n<tr class=\"row-32\">\n\t<td class=\"column-1\">31<\/td><td class=\"column-2\">Schehl Herbert<\/td>\n<\/tr>\n<tr class=\"row-33\">\n\t<td class=\"column-1\">32<\/td><td class=\"column-2\">Schlosser Dietmar<\/td>\n<\/tr>\n<tr class=\"row-34\">\n\t<td class=\"column-1\">33<\/td><td class=\"column-2\">Schlosser Manfred<\/td>\n<\/tr>\n<tr class=\"row-35\">\n\t<td class=\"column-1\">34<\/td><td class=\"column-2\">Schmitt Gerda<\/td>\n<\/tr>\n<tr class=\"row-36\">\n\t<td class=\"column-1\">35<\/td><td class=\"column-2\">Schotth\u00f6fer Thomas<\/td>\n<\/tr>\n<tr class=\"row-37\">\n\t<td class=\"column-1\">36<\/td><td class=\"column-2\">Sch\u00f6pf Helmut<\/td>\n<\/tr>\n<tr class=\"row-38\">\n\t<td class=\"column-1\">37<\/td><td class=\"column-2\">Schwahn Heike<\/td>\n<\/tr>\n<tr class=\"row-39\">\n\t<td class=\"column-1\">38<\/td><td class=\"column-2\">Stahl Willi<\/td>\n<\/tr>\n<tr class=\"row-40\">\n\t<td class=\"column-1\">39<\/td><td class=\"column-2\">Stranz Heinz<\/td>\n<\/tr>\n<tr class=\"row-41\">\n\t<td class=\"column-1\">40<\/td><td class=\"column-2\">Th\u00f6nnes Matthias<\/td>\n<\/tr>\n<tr class=\"row-42\">\n\t<td class=\"column-1\">41<\/td><td class=\"column-2\">Ullrich Sven<\/td>\n<\/tr>\n<tr class=\"row-43\">\n\t<td class=\"column-1\">42<\/td><td class=\"column-2\">Volland Hans<\/td>\n<\/tr>\n<tr class=\"row-44\">\n\t<td class=\"column-1\">43<\/td><td class=\"column-2\">Volland Karl<\/td>\n<\/tr>\n<tr class=\"row-45\">\n\t<td class=\"column-1\">44<\/td><td class=\"column-2\">Wiemer Marion<\/td>\n<\/tr>\n<tr class=\"row-46\">\n\t<td class=\"column-1\">45<\/td><td class=\"column-2\">Zickgraf Rudi<\/td>\n<\/tr>\n<tr class=\"row-47\">\n\t<td class=\"column-1\">46<\/td><td class=\"column-2\">Zinser Frinz<\/td>\n<\/tr>\n<tr class=\"row-48\">\n\t<td class=\"column-1\"><strong>BDK mit Brilland<\/strong><\/td><td class=\"column-2\"><\/td>\n<\/tr>\n<tr class=\"row-49\">\n\t<td class=\"column-1\">1<\/td><td class=\"column-2\">Bleifeld Werner<\/td>\n<\/tr>\n<tr class=\"row-50\">\n\t<td class=\"column-1\">2<\/td><td class=\"column-2\">Effler Fritz<\/td>\n<\/tr>\n<tr class=\"row-51\">\n\t<td class=\"column-1\">3<\/td><td class=\"column-2\">Effler Kurt<\/td>\n<\/tr>\n<tr class=\"row-52\">\n\t<td class=\"column-1\">4<\/td><td class=\"column-2\">Gruber J\u00fcrgen<\/td>\n<\/tr>\n<tr class=\"row-53\">\n\t<td class=\"column-1\">5<\/td><td class=\"column-2\">Hoffelder G\u00fcnter<\/td>\n<\/tr>\n<tr class=\"row-54\">\n\t<td class=\"column-1\">6<\/td><td class=\"column-2\">Kochner Fritz<\/td>\n<\/tr>\n<tr class=\"row-55\">\n\t<td class=\"column-1\">7<\/td><td class=\"column-2\">Krug Karl-Heinz<\/td>\n<\/tr>\n<tr class=\"row-56\">\n\t<td class=\"column-1\">8<\/td><td class=\"column-2\">Nieser Alois<\/td>\n<\/tr>\n<tr class=\"row-57\">\n\t<td class=\"column-1\">9<\/td><td class=\"column-2\">Salewski G\u00fcnter<\/td>\n<\/tr>\n<tr class=\"row-58\">\n\t<td class=\"column-1\">10<\/td><td class=\"column-2\">Sattel Rainer<\/td>\n<\/tr>\n<tr class=\"row-59\">\n\t<td class=\"column-1\">11<\/td><td class=\"column-2\">Schehl Herbert<\/td>\n<\/tr>\n<tr class=\"row-60\">\n\t<td class=\"column-1\">12<\/td><td class=\"column-2\">Th\u00f6nnes Matthias<\/td>\n<\/tr>\n<tr class=\"row-61\">\n\t<td class=\"column-1\">13<\/td><td class=\"column-2\">Volland Karl<\/td>\n<\/tr>\n<tr class=\"row-62\">\n\t<td class=\"column-1\">14<\/td><td class=\"column-2\">Zickgraf Rudi<\/td>\n<\/tr>\n<tr class=\"row-63\">\n\t<td class=\"column-1\">15<\/td><td class=\"column-2\">Zinser Frinz<\/td>\n<\/tr>\n<\/tbody>\n<\/table>\n<!-- #tablepress-13 from cache --><\/p>\n<p>&nbsp;<\/p>\n<p>&nbsp;<\/p>\n","protected":false},"excerpt":{"rendered":"<p>Was ist der \u201cBDK? Der Bund Deutscher Karneval e. V. hat seinen Sitz in K\u00f6ln wurde am 24. Oktober 1953 im Kurf\u00fcrstlichen Schloss in Mainz gegr\u00fcndet. Er ist der Dachverband der deutschen Fastnachts- und Karnevalsvereine. Hauptzweck des Verbandes ist die \u201eF\u00f6rderung des karnevalistischen Brauchtums\u201c, was die F\u00f6rderung bei der Organisation karnevalistischer Sitzungen, des Stra\u00dfenkarnevals und [&hellip;]<\/p>\n","protected":false},"author":1,"featured_media":0,"parent":0,"menu_order":12,"comment_status":"closed","ping_status":"closed","template":"","meta":{"ngg_post_thumbnail":0,"footnotes":""},"categories":[],"tags":[],"class_list":["post-1116","page","type-page","status-publish","hentry"],"_links":{"self":[{"href":"https:\/\/kv-uno-waldsee.de\/index.php?rest_route=\/wp\/v2\/pages\/1116","targetHints":{"allow":["GET"]}}],"collection":[{"href":"https:\/\/kv-uno-waldsee.de\/index.php?rest_route=\/wp\/v2\/pages"}],"about":[{"href":"https:\/\/kv-uno-waldsee.de\/index.php?rest_route=\/wp\/v2\/types\/page"}],"author":[{"embeddable":true,"href":"https:\/\/kv-uno-waldsee.de\/index.php?rest_route=\/wp\/v2\/users\/1"}],"replies":[{"embeddable":true,"href":"https:\/\/kv-uno-waldsee.de\/index.php?rest_route=%2Fwp%2Fv2%2Fcomments&post=1116"}],"version-history":[{"count":4,"href":"https:\/\/kv-uno-waldsee.de\/index.php?rest_route=\/wp\/v2\/pages\/1116\/revisions"}],"predecessor-version":[{"id":2675,"href":"https:\/\/kv-uno-waldsee.de\/index.php?rest_route=\/wp\/v2\/pages\/1116\/revisions\/2675"}],"wp:attachment":[{"href":"https:\/\/kv-uno-waldsee.de\/index.php?rest_route=%2Fwp%2Fv2%2Fmedia&parent=1116"}],"wp:term":[{"taxonomy":"category","embeddable":true,"href":"https:\/\/kv-uno-waldsee.de\/index.php?rest_route=%2Fwp%2Fv2%2Fcategories&post=1116"},{"taxonomy":"post_tag","embeddable":true,"href":"https:\/\/kv-uno-waldsee.de\/index.php?rest_route=%2Fwp%2Fv2%2Ftags&post=1116"}],"curies":[{"name":"wp","href":"https:\/\/api.w.org\/{rel}","templated":true}]}}